{"id":98,"date":"2025-01-27T15:40:40","date_gmt":"2025-01-27T21:40:40","guid":{"rendered":"https:\/\/videre.lat\/?page_id=98"},"modified":"2025-07-24T18:44:50","modified_gmt":"2025-07-25T00:44:50","slug":"lina-ornelas","status":"publish","type":"page","link":"https:\/\/videre.lat\/en\/quienes-somos\/lina-ornelas\/","title":{"rendered":"Lina Ornelas"},"content":{"rendered":"<p><img loading=\"lazy\" decoding=\"async\" src=\"https:\/\/videre.lat\/wp-content\/uploads\/2025\/01\/lina-ornelas.webp\" alt=\"Lina Ornelas\" width=\"800\" height=\"800\" class=\"aligncenter size-full wp-image-94 redondeada\" srcset=\"https:\/\/videre.lat\/wp-content\/uploads\/2025\/01\/lina-ornelas.webp 800w, https:\/\/videre.lat\/wp-content\/uploads\/2025\/01\/lina-ornelas-300x300.webp 300w, https:\/\/videre.lat\/wp-content\/uploads\/2025\/01\/lina-ornelas-150x150.webp 150w, https:\/\/videre.lat\/wp-content\/uploads\/2025\/01\/lina-ornelas-768x768.webp 768w\" sizes=\"auto, (max-width: 800px) 100vw, 800px\" \/><\/p>\n<p>Lina is a lawyer and holds a Master\u2019s degree in International Legal Cooperation from the Vrije Universiteit Brussel in Belgium. She\u2019s an expert in classified information, data protection, privacy, online security and Internet governance. As such, she has also published specialized books and academic articles on these subjects. <br><br>\n\nFor 8 and a half years, she was Head of Government Affairs and Public Policy for Mexico, Central America, and the Caribbean at Google. \n\nPreviously, she worked for 12 years in the public sector in Mexico and Europe, nine of which she served at the Federal Institute for Access to Information and Data Protection (IFAI) as General Director of Classified Information and Personal Data and later as General Director of Self-Regulation within the data protection unit. <\/p>\n<p>Currently, she is a founding partner at Videre, a digital law firm aimed at providing multi-sectoral services on privacy and data protection tailored to the digital era. She\u2019s also a Senior Advisor on Privacy and Internet Governance at Centro-i para la Sociedad del Futuro (think tank).<\/p>\n<p>Lina is a member of NIC Mexico Advisory Committee (ccTLD) as well as the International Association of Privacy Professionals (IAPP). She was also a member of the Advisory Board for the Mexico Institute of the Woodrow Wilson Foundation in Washington DC; of the \u201cFuture of Privacy Forum\u201d together with experts in internet privacy, and chaired the Digital Economy Commission of the International Chamber of Commerce (Mexico) for 8 years. She was an associate research professor at the Centro de Investigaci\u00f3n y Docencia Econ\u00f3micas (CIDE) where she specialized in issues related to law and new technologies, as well as a professor at the Universidad Panamericana, the Escuela Libre de Derecho, and ITAM in Mexico. <\/p>\n<p>She has participated in more than 300 discussion panels, seminars, and international events, on privacy and data protection, children\u2019s online safety, internet governance, telecommunications, and digital economy, including:\n\n<ul>\n<li>World Internet Governance Forum (IGF) <\/li>\n<li>Ibero-American Data Protection Network <\/li>\n<li>South School of Internet Governance <\/li>\n<li>Member of the group of experts for the OAS Cybersecurity Agenda <\/li>\n<li>International Institute of Communications (IIC) <\/li>\n<li>OECD Ministerial Meeting on the Digital Economy <\/li>\n<\/ul><\/p>\n<p><!--:es--><\/p>\n<ul class=\"solo-es\">\n<li>World Internet Governance Forum (IGF) <\/li>\n<li>Ibero-American Data Protection Network <\/li>\n<li>South School of Internet Governance <\/li>\n<li>Member of the group of experts for the OAS Cybersecurity Agenda <\/li>\n<li>International Institute of Communications (IIC) <\/li>\n<li>OECD Ministerial Meeting on the Digital Economy <\/li>\n<li class=\"translation-block\">\u200e \u200e\u200e \u200e \u200e \u200e \u200e \u200e \u200e \u200e \u200e \u200e \u200e.<\/li>\n<li>M\u00faltiples foros en materia de gobernanza de internet, telecomunicaciones, econom\u00eda digital y protecci\u00f3n de datos. <\/li>\n<\/ul>\n<p><!--:--><\/p>\n<p>&nbsp;<\/p>","protected":false},"excerpt":{"rendered":"<p>Es egresada de la Facultad de Derecho de la Universidad de Guadalajara y maestra en Cooperaci\u00f3n Legal Internacional por la Universidad Libre de Bruselas. Es experta en clasificaci\u00f3n de informaci\u00f3n, archivos, protecci\u00f3n de datos, privacidad y gobernanza de Internet y ha publicado libros y art\u00edculos acad\u00e9micos en dichas materias. Durante 8 a\u00f1os y medio fue [&hellip;]<\/p>\n","protected":false},"author":1,"featured_media":94,"parent":75,"menu_order":0,"comment_status":"closed","ping_status":"closed","template":"","meta":{"footnotes":""},"class_list":["post-98","page","type-page","status-publish","has-post-thumbnail","hentry"],"yoast_head":"<!-- This site is optimized with the Yoast SEO plugin v26.9 - https:\/\/yoast.com\/product\/yoast-seo-wordpress\/ -->\n<title>Lina Ornelas - videre<\/title>\n<meta name=\"description\" content=\"Lina Ornelas es egresada de la Facultad de Derecho de la Universidad de Guadalajara y maestra en Cooperaci\u00f3n Legal Internacional por la Universidad Libre de Bruselas.\" \/>\n<meta name=\"robots\" content=\"index, follow, max-snippet:-1, max-image-preview:large, max-video-preview:-1\" \/>\n<link rel=\"canonical\" href=\"https:\/\/videre.lat\/en\/quienes-somos\/lina-ornelas\/\" \/>\n<meta property=\"og:locale\" content=\"en_US\" \/>\n<meta property=\"og:type\" content=\"article\" \/>\n<meta property=\"og:title\" content=\"Lina Ornelas - videre\" \/>\n<meta property=\"og:description\" content=\"Lina Ornelas es egresada de la Facultad de Derecho de la Universidad de Guadalajara y maestra en Cooperaci\u00f3n Legal Internacional por la Universidad Libre de Bruselas.\" \/>\n<meta property=\"og:url\" content=\"https:\/\/videre.lat\/en\/quienes-somos\/lina-ornelas\/\" \/>\n<meta property=\"og:site_name\" content=\"videre\" \/>\n<meta property=\"article:publisher\" content=\"https:\/\/www.facebook.com\/viderelat\" \/>\n<meta property=\"article:modified_time\" content=\"2025-07-25T00:44:50+00:00\" \/>\n<meta property=\"og:image\" content=\"https:\/\/videre.lat\/wp-content\/uploads\/2025\/01\/lina-ornelas.webp\" \/>\n\t<meta property=\"og:image:width\" content=\"800\" \/>\n\t<meta property=\"og:image:height\" content=\"800\" \/>\n\t<meta property=\"og:image:type\" content=\"image\/webp\" \/>\n<meta name=\"twitter:card\" content=\"summary_large_image\" \/>\n<meta name=\"twitter:site\" content=\"@viderelat\" \/>\n<meta name=\"twitter:label1\" content=\"Est. reading time\" \/>\n\t<meta name=\"twitter:data1\" content=\"3 minutes\" \/>\n<script type=\"application\/ld+json\" class=\"yoast-schema-graph\">{\"@context\":\"https:\/\/schema.org\",\"@graph\":[{\"@type\":\"WebPage\",\"@id\":\"https:\/\/videre.lat\/quienes-somos\/lina-ornelas\/\",\"url\":\"https:\/\/videre.lat\/quienes-somos\/lina-ornelas\/\",\"name\":\"Lina Ornelas - videre\",\"isPartOf\":{\"@id\":\"https:\/\/videre.lat\/#website\"},\"primaryImageOfPage\":{\"@id\":\"https:\/\/videre.lat\/quienes-somos\/lina-ornelas\/#primaryimage\"},\"image\":{\"@id\":\"https:\/\/videre.lat\/quienes-somos\/lina-ornelas\/#primaryimage\"},\"thumbnailUrl\":\"https:\/\/videre.lat\/wp-content\/uploads\/2025\/01\/lina-ornelas.webp\",\"datePublished\":\"2025-01-27T21:40:40+00:00\",\"dateModified\":\"2025-07-25T00:44:50+00:00\",\"description\":\"Lina Ornelas es egresada de la Facultad de Derecho de la Universidad de Guadalajara y maestra en Cooperaci\u00f3n Legal Internacional por la Universidad Libre de Bruselas.\",\"breadcrumb\":{\"@id\":\"https:\/\/videre.lat\/quienes-somos\/lina-ornelas\/#breadcrumb\"},\"inLanguage\":\"en-US\",\"potentialAction\":[{\"@type\":\"ReadAction\",\"target\":[\"https:\/\/videre.lat\/quienes-somos\/lina-ornelas\/\"]}]},{\"@type\":\"ImageObject\",\"inLanguage\":\"en-US\",\"@id\":\"https:\/\/videre.lat\/quienes-somos\/lina-ornelas\/#primaryimage\",\"url\":\"https:\/\/videre.lat\/wp-content\/uploads\/2025\/01\/lina-ornelas.webp\",\"contentUrl\":\"https:\/\/videre.lat\/wp-content\/uploads\/2025\/01\/lina-ornelas.webp\",\"width\":800,\"height\":800,\"caption\":\"Lina Ornelas\"},{\"@type\":\"BreadcrumbList\",\"@id\":\"https:\/\/videre.lat\/quienes-somos\/lina-ornelas\/#breadcrumb\",\"itemListElement\":[{\"@type\":\"ListItem\",\"position\":1,\"name\":\"Portada\",\"item\":\"https:\/\/videre.lat\/\"},{\"@type\":\"ListItem\",\"position\":2,\"name\":\"Qui\u00e9nes somos\",\"item\":\"https:\/\/videre.lat\/quienes-somos\/\"},{\"@type\":\"ListItem\",\"position\":3,\"name\":\"Lina Ornelas\"}]},{\"@type\":\"WebSite\",\"@id\":\"https:\/\/videre.lat\/#website\",\"url\":\"https:\/\/videre.lat\/\",\"name\":\"videre\",\"description\":\"Somos una firma de abogac\u00eda digital\",\"publisher\":{\"@id\":\"https:\/\/videre.lat\/#organization\"},\"potentialAction\":[{\"@type\":\"SearchAction\",\"target\":{\"@type\":\"EntryPoint\",\"urlTemplate\":\"https:\/\/videre.lat\/?s={search_term_string}\"},\"query-input\":{\"@type\":\"PropertyValueSpecification\",\"valueRequired\":true,\"valueName\":\"search_term_string\"}}],\"inLanguage\":\"en-US\"},{\"@type\":\"Organization\",\"@id\":\"https:\/\/videre.lat\/#organization\",\"name\":\"videre\",\"url\":\"https:\/\/videre.lat\/\",\"logo\":{\"@type\":\"ImageObject\",\"inLanguage\":\"en-US\",\"@id\":\"https:\/\/videre.lat\/#\/schema\/logo\/image\/\",\"url\":\"https:\/\/videre.lat\/wp-content\/uploads\/2025\/01\/videre-logo.png\",\"contentUrl\":\"https:\/\/videre.lat\/wp-content\/uploads\/2025\/01\/videre-logo.png\",\"width\":1600,\"height\":1600,\"caption\":\"videre\"},\"image\":{\"@id\":\"https:\/\/videre.lat\/#\/schema\/logo\/image\/\"},\"sameAs\":[\"https:\/\/www.facebook.com\/viderelat\",\"https:\/\/x.com\/viderelat\",\"https:\/\/www.linkedin.com\/company\/viderelat\"]}]}<\/script>\n<!-- \/ Yoast SEO plugin. -->","yoast_head_json":{"title":"Lina Ornelas - videre","description":"Lina Ornelas es egresada de la Facultad de Derecho de la Universidad de Guadalajara y maestra en Cooperaci\u00f3n Legal Internacional por la Universidad Libre de Bruselas.","robots":{"index":"index","follow":"follow","max-snippet":"max-snippet:-1","max-image-preview":"max-image-preview:large","max-video-preview":"max-video-preview:-1"},"canonical":"https:\/\/videre.lat\/en\/quienes-somos\/lina-ornelas\/","og_locale":"en_US","og_type":"article","og_title":"Lina Ornelas - videre","og_description":"Lina Ornelas es egresada de la Facultad de Derecho de la Universidad de Guadalajara y maestra en Cooperaci\u00f3n Legal Internacional por la Universidad Libre de Bruselas.","og_url":"https:\/\/videre.lat\/en\/quienes-somos\/lina-ornelas\/","og_site_name":"videre","article_publisher":"https:\/\/www.facebook.com\/viderelat","article_modified_time":"2025-07-25T00:44:50+00:00","og_image":[{"width":800,"height":800,"url":"https:\/\/videre.lat\/wp-content\/uploads\/2025\/01\/lina-ornelas.webp","type":"image\/webp"}],"twitter_card":"summary_large_image","twitter_site":"@viderelat","twitter_misc":{"Est. reading time":"3 minutes"},"schema":{"@context":"https:\/\/schema.org","@graph":[{"@type":"WebPage","@id":"https:\/\/videre.lat\/quienes-somos\/lina-ornelas\/","url":"https:\/\/videre.lat\/quienes-somos\/lina-ornelas\/","name":"Lina Ornelas - videre","isPartOf":{"@id":"https:\/\/videre.lat\/#website"},"primaryImageOfPage":{"@id":"https:\/\/videre.lat\/quienes-somos\/lina-ornelas\/#primaryimage"},"image":{"@id":"https:\/\/videre.lat\/quienes-somos\/lina-ornelas\/#primaryimage"},"thumbnailUrl":"https:\/\/videre.lat\/wp-content\/uploads\/2025\/01\/lina-ornelas.webp","datePublished":"2025-01-27T21:40:40+00:00","dateModified":"2025-07-25T00:44:50+00:00","description":"Lina Ornelas es egresada de la Facultad de Derecho de la Universidad de Guadalajara y maestra en Cooperaci\u00f3n Legal Internacional por la Universidad Libre de Bruselas.","breadcrumb":{"@id":"https:\/\/videre.lat\/quienes-somos\/lina-ornelas\/#breadcrumb"},"inLanguage":"en-US","potentialAction":[{"@type":"ReadAction","target":["https:\/\/videre.lat\/quienes-somos\/lina-ornelas\/"]}]},{"@type":"ImageObject","inLanguage":"en-US","@id":"https:\/\/videre.lat\/quienes-somos\/lina-ornelas\/#primaryimage","url":"https:\/\/videre.lat\/wp-content\/uploads\/2025\/01\/lina-ornelas.webp","contentUrl":"https:\/\/videre.lat\/wp-content\/uploads\/2025\/01\/lina-ornelas.webp","width":800,"height":800,"caption":"Lina Ornelas"},{"@type":"BreadcrumbList","@id":"https:\/\/videre.lat\/quienes-somos\/lina-ornelas\/#breadcrumb","itemListElement":[{"@type":"ListItem","position":1,"name":"Portada","item":"https:\/\/videre.lat\/"},{"@type":"ListItem","position":2,"name":"Qui\u00e9nes somos","item":"https:\/\/videre.lat\/quienes-somos\/"},{"@type":"ListItem","position":3,"name":"Lina Ornelas"}]},{"@type":"WebSite","@id":"https:\/\/videre.lat\/#website","url":"https:\/\/videre.lat\/","name":"videre","description":"Somos una firma de abogac\u00eda digital","publisher":{"@id":"https:\/\/videre.lat\/#organization"},"potentialAction":[{"@type":"SearchAction","target":{"@type":"EntryPoint","urlTemplate":"https:\/\/videre.lat\/?s={search_term_string}"},"query-input":{"@type":"PropertyValueSpecification","valueRequired":true,"valueName":"search_term_string"}}],"inLanguage":"en-US"},{"@type":"Organization","@id":"https:\/\/videre.lat\/#organization","name":"videre","url":"https:\/\/videre.lat\/","logo":{"@type":"ImageObject","inLanguage":"en-US","@id":"https:\/\/videre.lat\/#\/schema\/logo\/image\/","url":"https:\/\/videre.lat\/wp-content\/uploads\/2025\/01\/videre-logo.png","contentUrl":"https:\/\/videre.lat\/wp-content\/uploads\/2025\/01\/videre-logo.png","width":1600,"height":1600,"caption":"videre"},"image":{"@id":"https:\/\/videre.lat\/#\/schema\/logo\/image\/"},"sameAs":["https:\/\/www.facebook.com\/viderelat","https:\/\/x.com\/viderelat","https:\/\/www.linkedin.com\/company\/viderelat"]}]}},"_links":{"self":[{"href":"https:\/\/videre.lat\/en\/wp-json\/wp\/v2\/pages\/98","targetHints":{"allow":["GET"]}}],"collection":[{"href":"https:\/\/videre.lat\/en\/wp-json\/wp\/v2\/pages"}],"about":[{"href":"https:\/\/videre.lat\/en\/wp-json\/wp\/v2\/types\/page"}],"author":[{"embeddable":true,"href":"https:\/\/videre.lat\/en\/wp-json\/wp\/v2\/users\/1"}],"replies":[{"embeddable":true,"href":"https:\/\/videre.lat\/en\/wp-json\/wp\/v2\/comments?post=98"}],"version-history":[{"count":10,"href":"https:\/\/videre.lat\/en\/wp-json\/wp\/v2\/pages\/98\/revisions"}],"predecessor-version":[{"id":179,"href":"https:\/\/videre.lat\/en\/wp-json\/wp\/v2\/pages\/98\/revisions\/179"}],"up":[{"embeddable":true,"href":"https:\/\/videre.lat\/en\/wp-json\/wp\/v2\/pages\/75"}],"wp:featuredmedia":[{"embeddable":true,"href":"https:\/\/videre.lat\/en\/wp-json\/wp\/v2\/media\/94"}],"wp:attachment":[{"href":"https:\/\/videre.lat\/en\/wp-json\/wp\/v2\/media?parent=98"}],"curies":[{"name":"wp","href":"https:\/\/api.w.org\/{rel}","templated":true}]}}

<p><img loading="lazy" decoding="async" src="https://videre.lat/wp-content/uploads/2025/01/lina-ornelas.webp" alt="Lina Ornelas" width="800" height="800" class="aligncenter size-full wp-image-94 redondeada" srcset="https://videre.lat/wp-content/uploads/2025/01/lina-ornelas.webp 800w, https://videre.lat/wp-content/uploads/2025/01/lina-ornelas-300x300.webp 300w, https://videre.lat/wp-content/uploads/2025/01/lina-ornelas-150x150.webp 150w, https://videre.lat/wp-content/uploads/2025/01/lina-ornelas-768x768.webp 768w" sizes="auto, (max-width: 800px) 100vw, 800px" /></p>
<p>Lina is a lawyer and holds a Master’s degree in International Legal Cooperation from the Vrije Universiteit Brussel in Belgium. She’s an expert in classified information, data protection, privacy, online security and Internet governance. As such, she has also published specialized books and academic articles on these subjects. <br><br>

For 8 and a half years, she was Head of Government Affairs and Public Policy for Mexico, Central America, and the Caribbean at Google. 

Previously, she worked for 12 years in the public sector in Mexico and Europe, nine of which she served at the Federal Institute for Access to Information and Data Protection (IFAI) as General Director of Classified Information and Personal Data and later as General Director of Self-Regulation within the data protection unit. </p>
<p>Currently, she is a founding partner at Videre, a digital law firm aimed at providing multi-sectoral services on privacy and data protection tailored to the digital era. She’s also a Senior Advisor on Privacy and Internet Governance at Centro-i para la Sociedad del Futuro (think tank).</p>
<p>Lina is a member of NIC Mexico Advisory Committee (ccTLD) as well as the International Association of Privacy Professionals (IAPP). She was also a member of the Advisory Board for the Mexico Institute of the Woodrow Wilson Foundation in Washington DC; of the “Future of Privacy Forum” together with experts in internet privacy, and chaired the Digital Economy Commission of the International Chamber of Commerce (Mexico) for 8 years. She was an associate research professor at the Centro de Investigación y Docencia Económicas (CIDE) where she specialized in issues related to law and new technologies, as well as a professor at the Universidad Panamericana, the Escuela Libre de Derecho, and ITAM in Mexico. </p>
<p>She has participated in more than 300 discussion panels, seminars, and international events, on privacy and data protection, children’s online safety, internet governance, telecommunications, and digital economy, including:

<ul>
<li>World Internet Governance Forum (IGF) </li>
<li>Ibero-American Data Protection Network </li>
<li>South School of Internet Governance </li>
<li>Member of the group of experts for the OAS Cybersecurity Agenda </li>
<li>International Institute of Communications (IIC) </li>
<li>OECD Ministerial Meeting on the Digital Economy </li>
</ul></p>
<p><!--:es--></p>
<ul class="solo-es">
<li>World Internet Governance Forum (IGF) </li>
<li>Ibero-American Data Protection Network </li>
<li>South School of Internet Governance </li>
<li>Member of the group of experts for the OAS Cybersecurity Agenda </li>
<li>International Institute of Communications (IIC) </li>
<li>OECD Ministerial Meeting on the Digital Economy </li>
<li class="translation-block">‎ ‎‎ ‎ ‎ ‎ ‎ ‎ ‎ ‎ ‎ ‎ ‎.</li>
<li>Múltiples foros en materia de gobernanza de internet, telecomunicaciones, economía digital y protección de datos. </li>
</ul>
<p><!--:--></p>
<p>&nbsp;</p>

<p>Es egresada de la Facultad de Derecho de la Universidad de Guadalajara y maestra en Cooperación Legal Internacional por la Universidad Libre de Bruselas. Es experta en clasificación de información, archivos, protección de datos, privacidad y gobernanza de Internet y ha publicado libros y artículos académicos en dichas materias. Durante 8 años y medio fue [&hellip;]</p>

<!-- This site is optimized with the Yoast SEO plugin v26.9 - https://yoast.com/product/yoast-seo-wordpress/ -->
<title>Lina Ornelas - videre</title>
<meta name="description" content="Lina Ornelas es egresada de la Facultad de Derecho de la Universidad de Guadalajara y maestra en Cooperación Legal Internacional por la Universidad Libre de Bruselas." />
<meta name="robots" content="index, follow, max-snippet:-1, max-image-preview:large, max-video-preview:-1" />
<link rel="canonical" href="https://videre.lat/en/quienes-somos/lina-ornelas/" />
<meta property="og:locale" content="en_US" />
<meta property="og:type" content="article" />
<meta property="og:title" content="Lina Ornelas - videre" />
<meta property="og:description" content="Lina Ornelas es egresada de la Facultad de Derecho de la Universidad de Guadalajara y maestra en Cooperación Legal Internacional por la Universidad Libre de Bruselas." />
<meta property="og:url" content="https://videre.lat/en/quienes-somos/lina-ornelas/" />
<meta property="og:site_name" content="videre" />
<meta property="article:publisher" content="https://www.facebook.com/viderelat" />
<meta property="article:modified_time" content="2025-07-25T00:44:50+00:00" />
<meta property="og:image" content="https://videre.lat/wp-content/uploads/2025/01/lina-ornelas.webp" />
	<meta property="og:image:width" content="800" />
	<meta property="og:image:height" content="800" />
	<meta property="og:image:type" content="image/webp" />
<meta name="twitter:card" content="summary_large_image" />
<meta name="twitter:site" content="@viderelat" />
<meta name="twitter:label1" content="Est. reading time" />
	<meta name="twitter:data1" content="3 minutes" />
<script type="application/ld+json" class="yoast-schema-graph">{"@context":"https://schema.org","@graph":[{"@type":"WebPage","@id":"https://videre.lat/quienes-somos/lina-ornelas/","url":"https://videre.lat/quienes-somos/lina-ornelas/","name":"Lina Ornelas - videre","isPartOf":{"@id":"https://videre.lat/#website"},"primaryImageOfPage":{"@id":"https://videre.lat/quienes-somos/lina-ornelas/#primaryimage"},"image":{"@id":"https://videre.lat/quienes-somos/lina-ornelas/#primaryimage"},"thumbnailUrl":"https://videre.lat/wp-content/uploads/2025/01/lina-ornelas.webp","datePublished":"2025-01-27T21:40:40+00:00","dateModified":"2025-07-25T00:44:50+00:00","description":"Lina Ornelas es egresada de la Facultad de Derecho de la Universidad de Guadalajara y maestra en Cooperación Legal Internacional por la Universidad Libre de Bruselas.","breadcrumb":{"@id":"https://videre.lat/quienes-somos/lina-ornelas/#breadcrumb"},"inLanguage":"en-US","potentialAction":[{"@type":"ReadAction","target":["https://videre.lat/quienes-somos/lina-ornelas/"]}]},{"@type":"ImageObject","inLanguage":"en-US","@id":"https://videre.lat/quienes-somos/lina-ornelas/#primaryimage","url":"https://videre.lat/wp-content/uploads/2025/01/lina-ornelas.webp","contentUrl":"https://videre.lat/wp-content/uploads/2025/01/lina-ornelas.webp","width":800,"height":800,"caption":"Lina Ornelas"},{"@type":"BreadcrumbList","@id":"https://videre.lat/quienes-somos/lina-ornelas/#breadcrumb","itemListElement":[{"@type":"ListItem","position":1,"name":"Portada","item":"https://videre.lat/"},{"@type":"ListItem","position":2,"name":"Quiénes somos","item":"https://videre.lat/quienes-somos/"},{"@type":"ListItem","position":3,"name":"Lina Ornelas"}]},{"@type":"WebSite","@id":"https://videre.lat/#website","url":"https://videre.lat/","name":"videre","description":"Somos una firma de abogacía digital","publisher":{"@id":"https://videre.lat/#organization"},"potentialAction":[{"@type":"SearchAction","target":{"@type":"EntryPoint","urlTemplate":"https://videre.lat/?s={search_term_string}"},"query-input":{"@type":"PropertyValueSpecification","valueRequired":true,"valueName":"search_term_string"}}],"inLanguage":"en-US"},{"@type":"Organization","@id":"https://videre.lat/#organization","name":"videre","url":"https://videre.lat/","logo":{"@type":"ImageObject","inLanguage":"en-US","@id":"https://videre.lat/#/schema/logo/image/","url":"https://videre.lat/wp-content/uploads/2025/01/videre-logo.png","contentUrl":"https://videre.lat/wp-content/uploads/2025/01/videre-logo.png","width":1600,"height":1600,"caption":"videre"},"image":{"@id":"https://videre.lat/#/schema/logo/image/"},"sameAs":["https://www.facebook.com/viderelat","https://x.com/viderelat","https://www.linkedin.com/company/viderelat"]}]}</script>
<!-- / Yoast SEO plugin. -->

Lina Ornelas es egresada de la Facultad de Derecho de la Universidad de Guadalajara y maestra en Cooperación Legal Internacional por la Universidad Libre de Bruselas.

Quiénes somos

Somos una firma de abogacía digital
