{"id":75,"date":"2025-01-23T13:21:26","date_gmt":"2025-01-23T19:21:26","guid":{"rendered":"https:\/\/videre.lat\/?page_id=75"},"modified":"2025-02-12T09:05:33","modified_gmt":"2025-02-12T15:05:33","slug":"quienes-somos","status":"publish","type":"page","link":"https:\/\/videre.lat\/en\/quienes-somos\/","title":{"rendered":"About us"},"content":{"rendered":"<p>We bring together 27 years of experience in high-level public sector positions, consulting for international organizations, and leading public policies on digital platforms across several countries.<\/p>\n<p><img loading=\"lazy\" decoding=\"async\" class=\"aligncenter size-full wp-image-114 redondeada\" src=\"https:\/\/videre.lat\/wp-content\/uploads\/2025\/01\/team-videre-3020.webp\" alt=\"\" width=\"1280\" height=\"960\" srcset=\"https:\/\/videre.lat\/wp-content\/uploads\/2025\/01\/team-videre-3020.webp 1280w, https:\/\/videre.lat\/wp-content\/uploads\/2025\/01\/team-videre-3020-300x225.webp 300w, https:\/\/videre.lat\/wp-content\/uploads\/2025\/01\/team-videre-3020-1024x768.webp 1024w, https:\/\/videre.lat\/wp-content\/uploads\/2025\/01\/team-videre-3020-768x576.webp 768w, https:\/\/videre.lat\/wp-content\/uploads\/2025\/01\/team-videre-3020-16x12.webp 16w\" sizes=\"auto, (max-width: 1280px) 100vw, 1280px\" \/><\/p>\n<section class=\"team-section\">\n<div class=\"container\">\n<div class=\"row\">\n<div class=\"col-md-6 mb-4\">\n<div class=\"team-card d-flex\">\n<div class=\"team-image-container scroll-top\"><img decoding=\"async\" class=\"team-image\" src=\"https:\/\/videre.lat\/wp-content\/uploads\/2025\/01\/lina-ornelas.webp\" alt=\"Team Member 1\" \/><\/div>\n<div class=\"team-info\">\n<h4 class=\"team-name\">Lina Ornelas<\/h4>\n<p>Socia<\/p>\n<div class=\"team-links\"><a class=\"team-link\" href=\"https:\/\/videre.lat\/en\/quienes-somos\/lina-ornelas\/\">Profile<\/a><\/div>\n<\/div>\n<\/div>\n<\/div>\n<div class=\"col-md-6 mb-4\">\n<div class=\"team-card d-flex\">\n<div class=\"team-image-container scroll-top\"><img decoding=\"async\" class=\"team-image\" src=\"https:\/\/videre.lat\/wp-content\/uploads\/2025\/01\/cecilia-azuara.webp\" alt=\"Team Member 2\" \/><\/div>\n<div class=\"team-info\">\n<h4 class=\"team-name\">Cecilia Azuara<\/h4>\n<p><span>Socia<\/span><\/p>\n<div class=\"team-links\"><a class=\"team-link\" href=\"https:\/\/videre.lat\/en\/quienes-somos\/cecilia-azuara-arai\/\">Profile<\/a><\/div>\n<\/div>\n<\/div>\n<\/div>\n<\/div>\n<div class=\"row\">\n<div class=\"col-md-6 mb-4\">\n<div class=\"team-card d-flex\">\n<div class=\"team-image-container scroll-top\"><img decoding=\"async\" class=\"team-image\" src=\"https:\/\/videre.lat\/wp-content\/uploads\/2025\/01\/edgardo-martinez.webp\" alt=\"Team Member 3\" \/><\/div>\n<div class=\"team-info\">\n<h4 class=\"team-name\">Edgardo Mart\u00ednez<\/h4>\n<p><span>Socio<\/span><\/p>\n<div class=\"team-links\"><a class=\"team-link\" href=\"https:\/\/videre.lat\/en\/quienes-somos\/edgardo-martinez-rojas\/\">Profile<\/a><\/div>\n<\/div>\n<\/div>\n<\/div>\n<div class=\"col-md-6 mb-4\">\n<div class=\"team-card d-flex\">\n<div class=\"team-image-container scroll-top\"><img decoding=\"async\" class=\"team-image\" src=\"https:\/\/videre.lat\/wp-content\/uploads\/2025\/01\/dafny-mancillas.webp\" alt=\"Team Member 3\" \/><\/div>\n<div class=\"team-info\">\n<h4 class=\"team-name\">Dafny Mancillas<\/h4>\n<p><span>Coordinadora de proyectos<\/span><\/p>\n<div class=\"team-links\"><a class=\"team-link\" href=\"https:\/\/videre.lat\/en\/quienes-somos\/dafny-mancillas-tripp\/\">Profile<\/a><\/div>\n<\/div>\n<\/div>\n<\/div>\n<\/div>\n<\/div>\n<\/section>","protected":false},"excerpt":{"rendered":"<p>Conjuntamos 27 a\u00f1os de experiencia en altos cargos del sector p\u00fablico, consultor\u00eda en organismos internacionales y en direcci\u00f3n de pol\u00edticas p\u00fablicas en plataformas digitales en varios pa\u00edses. Lina Ornelas Socia Ver perfil Cecilia Azuara Socia Ver perfil Edgardo Mart\u00ednez Socio Ver perfil Dafny Mancillas Coordinadora de proyectos Ver perfil<\/p>","protected":false},"author":1,"featured_media":114,"parent":0,"menu_order":0,"comment_status":"closed","ping_status":"closed","template":"","meta":{"footnotes":""},"class_list":["post-75","page","type-page","status-publish","has-post-thumbnail","hentry"],"yoast_head":"<!-- This site is optimized with the Yoast SEO plugin v26.9 - https:\/\/yoast.com\/product\/yoast-seo-wordpress\/ -->\n<title>Qui\u00e9nes somos - videre<\/title>\n<meta name=\"robots\" content=\"index, follow, max-snippet:-1, max-image-preview:large, max-video-preview:-1\" \/>\n<link rel=\"canonical\" href=\"https:\/\/videre.lat\/en\/quienes-somos\/\" \/>\n<meta property=\"og:locale\" content=\"en_US\" \/>\n<meta property=\"og:type\" content=\"article\" \/>\n<meta property=\"og:title\" content=\"Qui\u00e9nes somos - videre\" \/>\n<meta property=\"og:description\" content=\"Conjuntamos 27 a\u00f1os de experiencia en altos cargos del sector p\u00fablico, consultor\u00eda en organismos internacionales y en direcci\u00f3n de pol\u00edticas p\u00fablicas en plataformas digitales en varios pa\u00edses. Lina Ornelas Socia Ver perfil Cecilia Azuara Socia Ver perfil Edgardo Mart\u00ednez Socio Ver perfil Dafny Mancillas Coordinadora de proyectos Ver perfil\" \/>\n<meta property=\"og:url\" content=\"https:\/\/videre.lat\/en\/quienes-somos\/\" \/>\n<meta property=\"og:site_name\" content=\"videre\" \/>\n<meta property=\"article:publisher\" content=\"https:\/\/www.facebook.com\/viderelat\" \/>\n<meta property=\"article:modified_time\" content=\"2025-02-12T15:05:33+00:00\" \/>\n<meta property=\"og:image\" content=\"https:\/\/videre.lat\/wp-content\/uploads\/2025\/01\/team-videre-3020.webp\" \/>\n\t<meta property=\"og:image:width\" content=\"1280\" \/>\n\t<meta property=\"og:image:height\" content=\"960\" \/>\n\t<meta property=\"og:image:type\" content=\"image\/webp\" \/>\n<meta name=\"twitter:card\" content=\"summary_large_image\" \/>\n<meta name=\"twitter:site\" content=\"@viderelat\" \/>\n<meta name=\"twitter:label1\" content=\"Est. reading time\" \/>\n\t<meta name=\"twitter:data1\" content=\"2 minutes\" \/>\n<script type=\"application\/ld+json\" class=\"yoast-schema-graph\">{\"@context\":\"https:\/\/schema.org\",\"@graph\":[{\"@type\":\"WebPage\",\"@id\":\"https:\/\/videre.lat\/quienes-somos\/\",\"url\":\"https:\/\/videre.lat\/quienes-somos\/\",\"name\":\"Qui\u00e9nes somos - videre\",\"isPartOf\":{\"@id\":\"https:\/\/videre.lat\/#website\"},\"primaryImageOfPage\":{\"@id\":\"https:\/\/videre.lat\/quienes-somos\/#primaryimage\"},\"image\":{\"@id\":\"https:\/\/videre.lat\/quienes-somos\/#primaryimage\"},\"thumbnailUrl\":\"https:\/\/videre.lat\/wp-content\/uploads\/2025\/01\/team-videre-3020.webp\",\"datePublished\":\"2025-01-23T19:21:26+00:00\",\"dateModified\":\"2025-02-12T15:05:33+00:00\",\"breadcrumb\":{\"@id\":\"https:\/\/videre.lat\/quienes-somos\/#breadcrumb\"},\"inLanguage\":\"en-US\",\"potentialAction\":[{\"@type\":\"ReadAction\",\"target\":[\"https:\/\/videre.lat\/quienes-somos\/\"]}]},{\"@type\":\"ImageObject\",\"inLanguage\":\"en-US\",\"@id\":\"https:\/\/videre.lat\/quienes-somos\/#primaryimage\",\"url\":\"https:\/\/videre.lat\/wp-content\/uploads\/2025\/01\/team-videre-3020.webp\",\"contentUrl\":\"https:\/\/videre.lat\/wp-content\/uploads\/2025\/01\/team-videre-3020.webp\",\"width\":1280,\"height\":960},{\"@type\":\"BreadcrumbList\",\"@id\":\"https:\/\/videre.lat\/quienes-somos\/#breadcrumb\",\"itemListElement\":[{\"@type\":\"ListItem\",\"position\":1,\"name\":\"Portada\",\"item\":\"https:\/\/videre.lat\/\"},{\"@type\":\"ListItem\",\"position\":2,\"name\":\"Qui\u00e9nes somos\"}]},{\"@type\":\"WebSite\",\"@id\":\"https:\/\/videre.lat\/#website\",\"url\":\"https:\/\/videre.lat\/\",\"name\":\"videre\",\"description\":\"Somos una firma de abogac\u00eda digital\",\"publisher\":{\"@id\":\"https:\/\/videre.lat\/#organization\"},\"potentialAction\":[{\"@type\":\"SearchAction\",\"target\":{\"@type\":\"EntryPoint\",\"urlTemplate\":\"https:\/\/videre.lat\/?s={search_term_string}\"},\"query-input\":{\"@type\":\"PropertyValueSpecification\",\"valueRequired\":true,\"valueName\":\"search_term_string\"}}],\"inLanguage\":\"en-US\"},{\"@type\":\"Organization\",\"@id\":\"https:\/\/videre.lat\/#organization\",\"name\":\"videre\",\"url\":\"https:\/\/videre.lat\/\",\"logo\":{\"@type\":\"ImageObject\",\"inLanguage\":\"en-US\",\"@id\":\"https:\/\/videre.lat\/#\/schema\/logo\/image\/\",\"url\":\"https:\/\/videre.lat\/wp-content\/uploads\/2025\/01\/videre-logo.png\",\"contentUrl\":\"https:\/\/videre.lat\/wp-content\/uploads\/2025\/01\/videre-logo.png\",\"width\":1600,\"height\":1600,\"caption\":\"videre\"},\"image\":{\"@id\":\"https:\/\/videre.lat\/#\/schema\/logo\/image\/\"},\"sameAs\":[\"https:\/\/www.facebook.com\/viderelat\",\"https:\/\/x.com\/viderelat\",\"https:\/\/www.linkedin.com\/company\/viderelat\"]}]}<\/script>\n<!-- \/ Yoast SEO plugin. -->","yoast_head_json":{"title":"Qui\u00e9nes somos - videre","robots":{"index":"index","follow":"follow","max-snippet":"max-snippet:-1","max-image-preview":"max-image-preview:large","max-video-preview":"max-video-preview:-1"},"canonical":"https:\/\/videre.lat\/en\/quienes-somos\/","og_locale":"en_US","og_type":"article","og_title":"Qui\u00e9nes somos - videre","og_description":"Conjuntamos 27 a\u00f1os de experiencia en altos cargos del sector p\u00fablico, consultor\u00eda en organismos internacionales y en direcci\u00f3n de pol\u00edticas p\u00fablicas en plataformas digitales en varios pa\u00edses. Lina Ornelas Socia Ver perfil Cecilia Azuara Socia Ver perfil Edgardo Mart\u00ednez Socio Ver perfil Dafny Mancillas Coordinadora de proyectos Ver perfil","og_url":"https:\/\/videre.lat\/en\/quienes-somos\/","og_site_name":"videre","article_publisher":"https:\/\/www.facebook.com\/viderelat","article_modified_time":"2025-02-12T15:05:33+00:00","og_image":[{"width":1280,"height":960,"url":"https:\/\/videre.lat\/wp-content\/uploads\/2025\/01\/team-videre-3020.webp","type":"image\/webp"}],"twitter_card":"summary_large_image","twitter_site":"@viderelat","twitter_misc":{"Est. reading time":"2 minutes"},"schema":{"@context":"https:\/\/schema.org","@graph":[{"@type":"WebPage","@id":"https:\/\/videre.lat\/quienes-somos\/","url":"https:\/\/videre.lat\/quienes-somos\/","name":"Qui\u00e9nes somos - videre","isPartOf":{"@id":"https:\/\/videre.lat\/#website"},"primaryImageOfPage":{"@id":"https:\/\/videre.lat\/quienes-somos\/#primaryimage"},"image":{"@id":"https:\/\/videre.lat\/quienes-somos\/#primaryimage"},"thumbnailUrl":"https:\/\/videre.lat\/wp-content\/uploads\/2025\/01\/team-videre-3020.webp","datePublished":"2025-01-23T19:21:26+00:00","dateModified":"2025-02-12T15:05:33+00:00","breadcrumb":{"@id":"https:\/\/videre.lat\/quienes-somos\/#breadcrumb"},"inLanguage":"en-US","potentialAction":[{"@type":"ReadAction","target":["https:\/\/videre.lat\/quienes-somos\/"]}]},{"@type":"ImageObject","inLanguage":"en-US","@id":"https:\/\/videre.lat\/quienes-somos\/#primaryimage","url":"https:\/\/videre.lat\/wp-content\/uploads\/2025\/01\/team-videre-3020.webp","contentUrl":"https:\/\/videre.lat\/wp-content\/uploads\/2025\/01\/team-videre-3020.webp","width":1280,"height":960},{"@type":"BreadcrumbList","@id":"https:\/\/videre.lat\/quienes-somos\/#breadcrumb","itemListElement":[{"@type":"ListItem","position":1,"name":"Portada","item":"https:\/\/videre.lat\/"},{"@type":"ListItem","position":2,"name":"Qui\u00e9nes somos"}]},{"@type":"WebSite","@id":"https:\/\/videre.lat\/#website","url":"https:\/\/videre.lat\/","name":"videre","description":"Somos una firma de abogac\u00eda digital","publisher":{"@id":"https:\/\/videre.lat\/#organization"},"potentialAction":[{"@type":"SearchAction","target":{"@type":"EntryPoint","urlTemplate":"https:\/\/videre.lat\/?s={search_term_string}"},"query-input":{"@type":"PropertyValueSpecification","valueRequired":true,"valueName":"search_term_string"}}],"inLanguage":"en-US"},{"@type":"Organization","@id":"https:\/\/videre.lat\/#organization","name":"videre","url":"https:\/\/videre.lat\/","logo":{"@type":"ImageObject","inLanguage":"en-US","@id":"https:\/\/videre.lat\/#\/schema\/logo\/image\/","url":"https:\/\/videre.lat\/wp-content\/uploads\/2025\/01\/videre-logo.png","contentUrl":"https:\/\/videre.lat\/wp-content\/uploads\/2025\/01\/videre-logo.png","width":1600,"height":1600,"caption":"videre"},"image":{"@id":"https:\/\/videre.lat\/#\/schema\/logo\/image\/"},"sameAs":["https:\/\/www.facebook.com\/viderelat","https:\/\/x.com\/viderelat","https:\/\/www.linkedin.com\/company\/viderelat"]}]}},"_links":{"self":[{"href":"https:\/\/videre.lat\/en\/wp-json\/wp\/v2\/pages\/75","targetHints":{"allow":["GET"]}}],"collection":[{"href":"https:\/\/videre.lat\/en\/wp-json\/wp\/v2\/pages"}],"about":[{"href":"https:\/\/videre.lat\/en\/wp-json\/wp\/v2\/types\/page"}],"author":[{"embeddable":true,"href":"https:\/\/videre.lat\/en\/wp-json\/wp\/v2\/users\/1"}],"replies":[{"embeddable":true,"href":"https:\/\/videre.lat\/en\/wp-json\/wp\/v2\/comments?post=75"}],"version-history":[{"count":12,"href":"https:\/\/videre.lat\/en\/wp-json\/wp\/v2\/pages\/75\/revisions"}],"predecessor-version":[{"id":147,"href":"https:\/\/videre.lat\/en\/wp-json\/wp\/v2\/pages\/75\/revisions\/147"}],"wp:featuredmedia":[{"embeddable":true,"href":"https:\/\/videre.lat\/en\/wp-json\/wp\/v2\/media\/114"}],"wp:attachment":[{"href":"https:\/\/videre.lat\/en\/wp-json\/wp\/v2\/media?parent=75"}],"curies":[{"name":"wp","href":"https:\/\/api.w.org\/{rel}","templated":true}]}}

<p>We bring together 27 years of experience in high-level public sector positions, consulting for international organizations, and leading public policies on digital platforms across several countries.</p>
<p><img loading="lazy" decoding="async" class="aligncenter size-full wp-image-114 redondeada" src="https://videre.lat/wp-content/uploads/2025/01/team-videre-3020.webp" alt="" width="1280" height="960" srcset="https://videre.lat/wp-content/uploads/2025/01/team-videre-3020.webp 1280w, https://videre.lat/wp-content/uploads/2025/01/team-videre-3020-300x225.webp 300w, https://videre.lat/wp-content/uploads/2025/01/team-videre-3020-1024x768.webp 1024w, https://videre.lat/wp-content/uploads/2025/01/team-videre-3020-768x576.webp 768w, https://videre.lat/wp-content/uploads/2025/01/team-videre-3020-16x12.webp 16w" sizes="auto, (max-width: 1280px) 100vw, 1280px" /></p>
<section class="team-section">
<div class="container">
<div class="row">
<div class="col-md-6 mb-4">
<div class="team-card d-flex">
<div class="team-image-container scroll-top"><img decoding="async" class="team-image" src="https://videre.lat/wp-content/uploads/2025/01/lina-ornelas.webp" alt="Team Member 1" /></div>
<div class="team-info">
<h4 class="team-name">Lina Ornelas</h4>
<p>Socia</p>
<div class="team-links"><a class="team-link" href="https://videre.lat/en/quienes-somos/lina-ornelas/">Profile</a></div>
</div>
</div>
</div>
<div class="col-md-6 mb-4">
<div class="team-card d-flex">
<div class="team-image-container scroll-top"><img decoding="async" class="team-image" src="https://videre.lat/wp-content/uploads/2025/01/cecilia-azuara.webp" alt="Team Member 2" /></div>
<div class="team-info">
<h4 class="team-name">Cecilia Azuara</h4>
<p><span>Socia</span></p>
<div class="team-links"><a class="team-link" href="https://videre.lat/en/quienes-somos/cecilia-azuara-arai/">Profile</a></div>
</div>
</div>
</div>
</div>
<div class="row">
<div class="col-md-6 mb-4">
<div class="team-card d-flex">
<div class="team-image-container scroll-top"><img decoding="async" class="team-image" src="https://videre.lat/wp-content/uploads/2025/01/edgardo-martinez.webp" alt="Team Member 3" /></div>
<div class="team-info">
<h4 class="team-name">Edgardo Martínez</h4>
<p><span>Socio</span></p>
<div class="team-links"><a class="team-link" href="https://videre.lat/en/quienes-somos/edgardo-martinez-rojas/">Profile</a></div>
</div>
</div>
</div>
<div class="col-md-6 mb-4">
<div class="team-card d-flex">
<div class="team-image-container scroll-top"><img decoding="async" class="team-image" src="https://videre.lat/wp-content/uploads/2025/01/dafny-mancillas.webp" alt="Team Member 3" /></div>
<div class="team-info">
<h4 class="team-name">Dafny Mancillas</h4>
<p><span>Coordinadora de proyectos</span></p>
<div class="team-links"><a class="team-link" href="https://videre.lat/en/quienes-somos/dafny-mancillas-tripp/">Profile</a></div>
</div>
</div>
</div>
</div>
</div>
</section>

<p>Conjuntamos 27 años de experiencia en altos cargos del sector público, consultoría en organismos internacionales y en dirección de políticas públicas en plataformas digitales en varios países. Lina Ornelas Socia Ver perfil Cecilia Azuara Socia Ver perfil Edgardo Martínez Socio Ver perfil Dafny Mancillas Coordinadora de proyectos Ver perfil</p>

<!-- This site is optimized with the Yoast SEO plugin v26.9 - https://yoast.com/product/yoast-seo-wordpress/ -->
<title>Quiénes somos - videre</title>
<meta name="robots" content="index, follow, max-snippet:-1, max-image-preview:large, max-video-preview:-1" />
<link rel="canonical" href="https://videre.lat/en/quienes-somos/" />
<meta property="og:locale" content="en_US" />
<meta property="og:type" content="article" />
<meta property="og:title" content="Quiénes somos - videre" />
<meta property="og:description" content="Conjuntamos 27 años de experiencia en altos cargos del sector público, consultoría en organismos internacionales y en dirección de políticas públicas en plataformas digitales en varios países. Lina Ornelas Socia Ver perfil Cecilia Azuara Socia Ver perfil Edgardo Martínez Socio Ver perfil Dafny Mancillas Coordinadora de proyectos Ver perfil" />
<meta property="og:url" content="https://videre.lat/en/quienes-somos/" />
<meta property="og:site_name" content="videre" />
<meta property="article:publisher" content="https://www.facebook.com/viderelat" />
<meta property="article:modified_time" content="2025-02-12T15:05:33+00:00" />
<meta property="og:image" content="https://videre.lat/wp-content/uploads/2025/01/team-videre-3020.webp" />
	<meta property="og:image:width" content="1280" />
	<meta property="og:image:height" content="960" />
	<meta property="og:image:type" content="image/webp" />
<meta name="twitter:card" content="summary_large_image" />
<meta name="twitter:site" content="@viderelat" />
<meta name="twitter:label1" content="Est. reading time" />
	<meta name="twitter:data1" content="2 minutes" />
<script type="application/ld+json" class="yoast-schema-graph">{"@context":"https://schema.org","@graph":[{"@type":"WebPage","@id":"https://videre.lat/quienes-somos/","url":"https://videre.lat/quienes-somos/","name":"Quiénes somos - videre","isPartOf":{"@id":"https://videre.lat/#website"},"primaryImageOfPage":{"@id":"https://videre.lat/quienes-somos/#primaryimage"},"image":{"@id":"https://videre.lat/quienes-somos/#primaryimage"},"thumbnailUrl":"https://videre.lat/wp-content/uploads/2025/01/team-videre-3020.webp","datePublished":"2025-01-23T19:21:26+00:00","dateModified":"2025-02-12T15:05:33+00:00","breadcrumb":{"@id":"https://videre.lat/quienes-somos/#breadcrumb"},"inLanguage":"en-US","potentialAction":[{"@type":"ReadAction","target":["https://videre.lat/quienes-somos/"]}]},{"@type":"ImageObject","inLanguage":"en-US","@id":"https://videre.lat/quienes-somos/#primaryimage","url":"https://videre.lat/wp-content/uploads/2025/01/team-videre-3020.webp","contentUrl":"https://videre.lat/wp-content/uploads/2025/01/team-videre-3020.webp","width":1280,"height":960},{"@type":"BreadcrumbList","@id":"https://videre.lat/quienes-somos/#breadcrumb","itemListElement":[{"@type":"ListItem","position":1,"name":"Portada","item":"https://videre.lat/"},{"@type":"ListItem","position":2,"name":"Quiénes somos"}]},{"@type":"WebSite","@id":"https://videre.lat/#website","url":"https://videre.lat/","name":"videre","description":"Somos una firma de abogacía digital","publisher":{"@id":"https://videre.lat/#organization"},"potentialAction":[{"@type":"SearchAction","target":{"@type":"EntryPoint","urlTemplate":"https://videre.lat/?s={search_term_string}"},"query-input":{"@type":"PropertyValueSpecification","valueRequired":true,"valueName":"search_term_string"}}],"inLanguage":"en-US"},{"@type":"Organization","@id":"https://videre.lat/#organization","name":"videre","url":"https://videre.lat/","logo":{"@type":"ImageObject","inLanguage":"en-US","@id":"https://videre.lat/#/schema/logo/image/","url":"https://videre.lat/wp-content/uploads/2025/01/videre-logo.png","contentUrl":"https://videre.lat/wp-content/uploads/2025/01/videre-logo.png","width":1600,"height":1600,"caption":"videre"},"image":{"@id":"https://videre.lat/#/schema/logo/image/"},"sameAs":["https://www.facebook.com/viderelat","https://x.com/viderelat","https://www.linkedin.com/company/viderelat"]}]}</script>
<!-- / Yoast SEO plugin. -->

Quiénes somos - videre

Conjuntamos 27 años de experiencia en altos cargos del sector público, consultoría en organismos internacionales y en dirección de políticas públicas en plataformas digitales en varios países. Lina Ornelas Socia Ver perfil Cecilia Azuara Socia Ver perfil Edgardo Martínez Socio Ver perfil Dafny Mancillas Coordinadora de proyectos Ver perfil

Quiénes somos

Somos una firma de abogacía digital
