{"id":128,"date":"2025-01-30T15:50:38","date_gmt":"2025-01-30T21:50:38","guid":{"rendered":"https:\/\/videre.lat\/?page_id=128"},"modified":"2025-01-30T15:50:38","modified_gmt":"2025-01-30T21:50:38","slug":"construccion-de-capacidades","status":"publish","type":"page","link":"https:\/\/videre.lat\/en\/servicios\/construccion-de-capacidades\/","title":{"rendered":"Development of capacities"},"content":{"rendered":"<p>Dise\u00f1amos planes y procesos estrat\u00e9gicos con el fin de desarrollar y fortalecer habilidades y conocimientos en materia de privacidad, protecci\u00f3n de datos, acceso a la informaci\u00f3n, transparencia, gobierno abierto, archivos, entre otras. Lo anterior puede incluir crear e<strong>spacios de di\u00e1logo con personas expertas en diversas materias con la finalidad de considerar <\/strong>diversos puntos de vista, moderaci\u00f3n dichos espacios y\/o sugerir modelos alternativos de abordaje a los temas que se discutan.<\/p>","protected":false},"excerpt":{"rendered":"<p>Dise\u00f1amos planes y procesos estrat\u00e9gicos con el fin de desarrollar y fortalecer habilidades y conocimientos en materia de privacidad, protecci\u00f3n de datos, acceso a la informaci\u00f3n, transparencia, gobierno abierto, archivos, entre otras. Lo anterior puede incluir crear espacios de di\u00e1logo con personas expertas en diversas materias con la finalidad de considerar diversos puntos de vista, [&hellip;]<\/p>\n","protected":false},"author":1,"featured_media":0,"parent":82,"menu_order":0,"comment_status":"closed","ping_status":"closed","template":"","meta":{"footnotes":""},"class_list":["post-128","page","type-page","status-publish","hentry"],"yoast_head":"<!-- This site is optimized with the Yoast SEO plugin v26.9 - https:\/\/yoast.com\/product\/yoast-seo-wordpress\/ -->\n<title>Construcci\u00f3n de capacidades - videre<\/title>\n<meta name=\"description\" content=\"Dise\u00f1amos planes y procesos estrat\u00e9gicos con el fin de desarrollar y fortalecer habilidades y conocimientos en materia de privacidad, protecci\u00f3n de datos, acceso a la informaci\u00f3n, transparencia, gobierno abierto, archivos, entre otras.\" \/>\n<meta name=\"robots\" content=\"index, follow, max-snippet:-1, max-image-preview:large, max-video-preview:-1\" \/>\n<link rel=\"canonical\" href=\"https:\/\/videre.lat\/en\/servicios\/construccion-de-capacidades\/\" \/>\n<meta property=\"og:locale\" content=\"en_US\" \/>\n<meta property=\"og:type\" content=\"article\" \/>\n<meta property=\"og:title\" content=\"Construcci\u00f3n de capacidades - videre\" \/>\n<meta property=\"og:description\" content=\"Dise\u00f1amos planes y procesos estrat\u00e9gicos con el fin de desarrollar y fortalecer habilidades y conocimientos en materia de privacidad, protecci\u00f3n de datos, acceso a la informaci\u00f3n, transparencia, gobierno abierto, archivos, entre otras.\" \/>\n<meta property=\"og:url\" content=\"https:\/\/videre.lat\/en\/servicios\/construccion-de-capacidades\/\" \/>\n<meta property=\"og:site_name\" content=\"videre\" \/>\n<meta property=\"article:publisher\" content=\"https:\/\/www.facebook.com\/viderelat\" \/>\n<meta property=\"og:image\" content=\"https:\/\/videre.lat\/wp-content\/uploads\/2025\/01\/videre-logo.png\" \/>\n\t<meta property=\"og:image:width\" content=\"1600\" \/>\n\t<meta property=\"og:image:height\" content=\"1600\" \/>\n\t<meta property=\"og:image:type\" content=\"image\/png\" \/>\n<meta name=\"twitter:card\" content=\"summary_large_image\" \/>\n<meta name=\"twitter:site\" content=\"@viderelat\" \/>\n<script type=\"application\/ld+json\" class=\"yoast-schema-graph\">{\"@context\":\"https:\/\/schema.org\",\"@graph\":[{\"@type\":\"WebPage\",\"@id\":\"https:\/\/videre.lat\/servicios\/construccion-de-capacidades\/\",\"url\":\"https:\/\/videre.lat\/servicios\/construccion-de-capacidades\/\",\"name\":\"Construcci\u00f3n de capacidades - videre\",\"isPartOf\":{\"@id\":\"https:\/\/videre.lat\/#website\"},\"datePublished\":\"2025-01-30T21:50:38+00:00\",\"description\":\"Dise\u00f1amos planes y procesos estrat\u00e9gicos con el fin de desarrollar y fortalecer habilidades y conocimientos en materia de privacidad, protecci\u00f3n de datos, acceso a la informaci\u00f3n, transparencia, gobierno abierto, archivos, entre otras.\",\"breadcrumb\":{\"@id\":\"https:\/\/videre.lat\/servicios\/construccion-de-capacidades\/#breadcrumb\"},\"inLanguage\":\"en-US\",\"potentialAction\":[{\"@type\":\"ReadAction\",\"target\":[\"https:\/\/videre.lat\/servicios\/construccion-de-capacidades\/\"]}]},{\"@type\":\"BreadcrumbList\",\"@id\":\"https:\/\/videre.lat\/servicios\/construccion-de-capacidades\/#breadcrumb\",\"itemListElement\":[{\"@type\":\"ListItem\",\"position\":1,\"name\":\"Portada\",\"item\":\"https:\/\/videre.lat\/\"},{\"@type\":\"ListItem\",\"position\":2,\"name\":\"Servicios\",\"item\":\"https:\/\/videre.lat\/servicios\/\"},{\"@type\":\"ListItem\",\"position\":3,\"name\":\"Construcci\u00f3n de capacidades\"}]},{\"@type\":\"WebSite\",\"@id\":\"https:\/\/videre.lat\/#website\",\"url\":\"https:\/\/videre.lat\/\",\"name\":\"videre\",\"description\":\"Somos una firma de abogac\u00eda digital\",\"publisher\":{\"@id\":\"https:\/\/videre.lat\/#organization\"},\"potentialAction\":[{\"@type\":\"SearchAction\",\"target\":{\"@type\":\"EntryPoint\",\"urlTemplate\":\"https:\/\/videre.lat\/?s={search_term_string}\"},\"query-input\":{\"@type\":\"PropertyValueSpecification\",\"valueRequired\":true,\"valueName\":\"search_term_string\"}}],\"inLanguage\":\"en-US\"},{\"@type\":\"Organization\",\"@id\":\"https:\/\/videre.lat\/#organization\",\"name\":\"videre\",\"url\":\"https:\/\/videre.lat\/\",\"logo\":{\"@type\":\"ImageObject\",\"inLanguage\":\"en-US\",\"@id\":\"https:\/\/videre.lat\/#\/schema\/logo\/image\/\",\"url\":\"https:\/\/videre.lat\/wp-content\/uploads\/2025\/01\/videre-logo.png\",\"contentUrl\":\"https:\/\/videre.lat\/wp-content\/uploads\/2025\/01\/videre-logo.png\",\"width\":1600,\"height\":1600,\"caption\":\"videre\"},\"image\":{\"@id\":\"https:\/\/videre.lat\/#\/schema\/logo\/image\/\"},\"sameAs\":[\"https:\/\/www.facebook.com\/viderelat\",\"https:\/\/x.com\/viderelat\",\"https:\/\/www.linkedin.com\/company\/viderelat\"]}]}<\/script>\n<!-- \/ Yoast SEO plugin. -->","yoast_head_json":{"title":"Construcci\u00f3n de capacidades - videre","description":"Dise\u00f1amos planes y procesos estrat\u00e9gicos con el fin de desarrollar y fortalecer habilidades y conocimientos en materia de privacidad, protecci\u00f3n de datos, acceso a la informaci\u00f3n, transparencia, gobierno abierto, archivos, entre otras.","robots":{"index":"index","follow":"follow","max-snippet":"max-snippet:-1","max-image-preview":"max-image-preview:large","max-video-preview":"max-video-preview:-1"},"canonical":"https:\/\/videre.lat\/en\/servicios\/construccion-de-capacidades\/","og_locale":"en_US","og_type":"article","og_title":"Construcci\u00f3n de capacidades - videre","og_description":"Dise\u00f1amos planes y procesos estrat\u00e9gicos con el fin de desarrollar y fortalecer habilidades y conocimientos en materia de privacidad, protecci\u00f3n de datos, acceso a la informaci\u00f3n, transparencia, gobierno abierto, archivos, entre otras.","og_url":"https:\/\/videre.lat\/en\/servicios\/construccion-de-capacidades\/","og_site_name":"videre","article_publisher":"https:\/\/www.facebook.com\/viderelat","og_image":[{"width":1600,"height":1600,"url":"https:\/\/videre.lat\/wp-content\/uploads\/2025\/01\/videre-logo.png","type":"image\/png"}],"twitter_card":"summary_large_image","twitter_site":"@viderelat","schema":{"@context":"https:\/\/schema.org","@graph":[{"@type":"WebPage","@id":"https:\/\/videre.lat\/servicios\/construccion-de-capacidades\/","url":"https:\/\/videre.lat\/servicios\/construccion-de-capacidades\/","name":"Construcci\u00f3n de capacidades - videre","isPartOf":{"@id":"https:\/\/videre.lat\/#website"},"datePublished":"2025-01-30T21:50:38+00:00","description":"Dise\u00f1amos planes y procesos estrat\u00e9gicos con el fin de desarrollar y fortalecer habilidades y conocimientos en materia de privacidad, protecci\u00f3n de datos, acceso a la informaci\u00f3n, transparencia, gobierno abierto, archivos, entre otras.","breadcrumb":{"@id":"https:\/\/videre.lat\/servicios\/construccion-de-capacidades\/#breadcrumb"},"inLanguage":"en-US","potentialAction":[{"@type":"ReadAction","target":["https:\/\/videre.lat\/servicios\/construccion-de-capacidades\/"]}]},{"@type":"BreadcrumbList","@id":"https:\/\/videre.lat\/servicios\/construccion-de-capacidades\/#breadcrumb","itemListElement":[{"@type":"ListItem","position":1,"name":"Portada","item":"https:\/\/videre.lat\/"},{"@type":"ListItem","position":2,"name":"Servicios","item":"https:\/\/videre.lat\/servicios\/"},{"@type":"ListItem","position":3,"name":"Construcci\u00f3n de capacidades"}]},{"@type":"WebSite","@id":"https:\/\/videre.lat\/#website","url":"https:\/\/videre.lat\/","name":"videre","description":"Somos una firma de abogac\u00eda digital","publisher":{"@id":"https:\/\/videre.lat\/#organization"},"potentialAction":[{"@type":"SearchAction","target":{"@type":"EntryPoint","urlTemplate":"https:\/\/videre.lat\/?s={search_term_string}"},"query-input":{"@type":"PropertyValueSpecification","valueRequired":true,"valueName":"search_term_string"}}],"inLanguage":"en-US"},{"@type":"Organization","@id":"https:\/\/videre.lat\/#organization","name":"videre","url":"https:\/\/videre.lat\/","logo":{"@type":"ImageObject","inLanguage":"en-US","@id":"https:\/\/videre.lat\/#\/schema\/logo\/image\/","url":"https:\/\/videre.lat\/wp-content\/uploads\/2025\/01\/videre-logo.png","contentUrl":"https:\/\/videre.lat\/wp-content\/uploads\/2025\/01\/videre-logo.png","width":1600,"height":1600,"caption":"videre"},"image":{"@id":"https:\/\/videre.lat\/#\/schema\/logo\/image\/"},"sameAs":["https:\/\/www.facebook.com\/viderelat","https:\/\/x.com\/viderelat","https:\/\/www.linkedin.com\/company\/viderelat"]}]}},"_links":{"self":[{"href":"https:\/\/videre.lat\/en\/wp-json\/wp\/v2\/pages\/128","targetHints":{"allow":["GET"]}}],"collection":[{"href":"https:\/\/videre.lat\/en\/wp-json\/wp\/v2\/pages"}],"about":[{"href":"https:\/\/videre.lat\/en\/wp-json\/wp\/v2\/types\/page"}],"author":[{"embeddable":true,"href":"https:\/\/videre.lat\/en\/wp-json\/wp\/v2\/users\/1"}],"replies":[{"embeddable":true,"href":"https:\/\/videre.lat\/en\/wp-json\/wp\/v2\/comments?post=128"}],"version-history":[{"count":1,"href":"https:\/\/videre.lat\/en\/wp-json\/wp\/v2\/pages\/128\/revisions"}],"predecessor-version":[{"id":129,"href":"https:\/\/videre.lat\/en\/wp-json\/wp\/v2\/pages\/128\/revisions\/129"}],"up":[{"embeddable":true,"href":"https:\/\/videre.lat\/en\/wp-json\/wp\/v2\/pages\/82"}],"wp:attachment":[{"href":"https:\/\/videre.lat\/en\/wp-json\/wp\/v2\/media?parent=128"}],"curies":[{"name":"wp","href":"https:\/\/api.w.org\/{rel}","templated":true}]}}

<p>Diseñamos planes y procesos estratégicos con el fin de desarrollar y fortalecer habilidades y conocimientos en materia de privacidad, protección de datos, acceso a la información, transparencia, gobierno abierto, archivos, entre otras. Lo anterior puede incluir crear e<strong>spacios de diálogo con personas expertas en diversas materias con la finalidad de considerar </strong>diversos puntos de vista, moderación dichos espacios y/o sugerir modelos alternativos de abordaje a los temas que se discutan.</p>

<p>Diseñamos planes y procesos estratégicos con el fin de desarrollar y fortalecer habilidades y conocimientos en materia de privacidad, protección de datos, acceso a la información, transparencia, gobierno abierto, archivos, entre otras. Lo anterior puede incluir crear espacios de diálogo con personas expertas en diversas materias con la finalidad de considerar diversos puntos de vista, [&hellip;]</p>

<!-- This site is optimized with the Yoast SEO plugin v26.9 - https://yoast.com/product/yoast-seo-wordpress/ -->
<title>Construcción de capacidades - videre</title>
<meta name="description" content="Diseñamos planes y procesos estratégicos con el fin de desarrollar y fortalecer habilidades y conocimientos en materia de privacidad, protección de datos, acceso a la información, transparencia, gobierno abierto, archivos, entre otras." />
<meta name="robots" content="index, follow, max-snippet:-1, max-image-preview:large, max-video-preview:-1" />
<link rel="canonical" href="https://videre.lat/en/servicios/construccion-de-capacidades/" />
<meta property="og:locale" content="en_US" />
<meta property="og:type" content="article" />
<meta property="og:title" content="Construcción de capacidades - videre" />
<meta property="og:description" content="Diseñamos planes y procesos estratégicos con el fin de desarrollar y fortalecer habilidades y conocimientos en materia de privacidad, protección de datos, acceso a la información, transparencia, gobierno abierto, archivos, entre otras." />
<meta property="og:url" content="https://videre.lat/en/servicios/construccion-de-capacidades/" />
<meta property="og:site_name" content="videre" />
<meta property="article:publisher" content="https://www.facebook.com/viderelat" />
<meta property="og:image" content="https://videre.lat/wp-content/uploads/2025/01/videre-logo.png" />
	<meta property="og:image:width" content="1600" />
	<meta property="og:image:height" content="1600" />
	<meta property="og:image:type" content="image/png" />
<meta name="twitter:card" content="summary_large_image" />
<meta name="twitter:site" content="@viderelat" />
<script type="application/ld+json" class="yoast-schema-graph">{"@context":"https://schema.org","@graph":[{"@type":"WebPage","@id":"https://videre.lat/servicios/construccion-de-capacidades/","url":"https://videre.lat/servicios/construccion-de-capacidades/","name":"Construcción de capacidades - videre","isPartOf":{"@id":"https://videre.lat/#website"},"datePublished":"2025-01-30T21:50:38+00:00","description":"Diseñamos planes y procesos estratégicos con el fin de desarrollar y fortalecer habilidades y conocimientos en materia de privacidad, protección de datos, acceso a la información, transparencia, gobierno abierto, archivos, entre otras.","breadcrumb":{"@id":"https://videre.lat/servicios/construccion-de-capacidades/#breadcrumb"},"inLanguage":"en-US","potentialAction":[{"@type":"ReadAction","target":["https://videre.lat/servicios/construccion-de-capacidades/"]}]},{"@type":"BreadcrumbList","@id":"https://videre.lat/servicios/construccion-de-capacidades/#breadcrumb","itemListElement":[{"@type":"ListItem","position":1,"name":"Portada","item":"https://videre.lat/"},{"@type":"ListItem","position":2,"name":"Servicios","item":"https://videre.lat/servicios/"},{"@type":"ListItem","position":3,"name":"Construcción de capacidades"}]},{"@type":"WebSite","@id":"https://videre.lat/#website","url":"https://videre.lat/","name":"videre","description":"Somos una firma de abogacía digital","publisher":{"@id":"https://videre.lat/#organization"},"potentialAction":[{"@type":"SearchAction","target":{"@type":"EntryPoint","urlTemplate":"https://videre.lat/?s={search_term_string}"},"query-input":{"@type":"PropertyValueSpecification","valueRequired":true,"valueName":"search_term_string"}}],"inLanguage":"en-US"},{"@type":"Organization","@id":"https://videre.lat/#organization","name":"videre","url":"https://videre.lat/","logo":{"@type":"ImageObject","inLanguage":"en-US","@id":"https://videre.lat/#/schema/logo/image/","url":"https://videre.lat/wp-content/uploads/2025/01/videre-logo.png","contentUrl":"https://videre.lat/wp-content/uploads/2025/01/videre-logo.png","width":1600,"height":1600,"caption":"videre"},"image":{"@id":"https://videre.lat/#/schema/logo/image/"},"sameAs":["https://www.facebook.com/viderelat","https://x.com/viderelat","https://www.linkedin.com/company/viderelat"]}]}</script>
<!-- / Yoast SEO plugin. -->

Construcción de capacidades - videre

Diseñamos planes y procesos estratégicos con el fin de desarrollar y fortalecer habilidades y conocimientos en materia de privacidad, protección de datos, acceso a la información, transparencia, gobierno abierto, archivos, entre otras.

Construcción de capacidades

Somos una firma de abogacía digital
