{"id":105,"date":"2025-01-27T15:51:19","date_gmt":"2025-01-27T21:51:19","guid":{"rendered":"https:\/\/videre.lat\/?page_id=105"},"modified":"2025-02-06T20:28:45","modified_gmt":"2025-02-07T02:28:45","slug":"dafny-mancillas-tripp","status":"publish","type":"page","link":"https:\/\/videre.lat\/en\/quienes-somos\/dafny-mancillas-tripp\/","title":{"rendered":"Dafny Mancillas Tripp"},"content":{"rendered":"<p><img loading=\"lazy\" decoding=\"async\" src=\"https:\/\/videre.lat\/wp-content\/uploads\/2025\/01\/dafny-mancillas.webp\" alt=\"Dafny Mancillas\" width=\"800\" height=\"800\" class=\"aligncenter size-full wp-image-92 redondeada\" srcset=\"https:\/\/videre.lat\/wp-content\/uploads\/2025\/01\/dafny-mancillas.webp 800w, https:\/\/videre.lat\/wp-content\/uploads\/2025\/01\/dafny-mancillas-300x300.webp 300w, https:\/\/videre.lat\/wp-content\/uploads\/2025\/01\/dafny-mancillas-150x150.webp 150w, https:\/\/videre.lat\/wp-content\/uploads\/2025\/01\/dafny-mancillas-768x768.webp 768w\" sizes=\"auto, (max-width: 800px) 100vw, 800px\" \/><\/p>\n<p>Dafny has a Bachelor Degree in International Relations from the Universidad de las Am\u00e9ricas Puebla, and a Diploma in Central American Studies from the Dr. Jos\u00e9 Mar\u00eda Luis Mora Research Institute.<\/p>\n<p>Currently, she is the Project Coordinator of the law firm Videre, specialized in the study of privacy in the digital age. <em>Videre<\/em>, especializada en privacidad en la era digital.<\/p>\n<p>She has extensive professional experience in the public sector. She worked in the Ministry of Foreign Affairs, in the General Direction for Economic Relations with Latin America and the Caribbean. And in the Ministry of Energy, in the General Direction for International Affairs. Subsequently, at the Federal Institute of Access to Information and Data Protection (IFAI) she held several positions, including Advisor to one of the Institute\u00b4s Commissioners and Director of Coordination and Monitoring. Finally, at the National Electoral Institute (INE), she served as Private Secretary to the Head of the Technical Unit for Transparency and Data Protection.<\/p>\n<p>&nbsp;<\/p>","protected":false},"excerpt":{"rendered":"<p>Es Licenciada en Relaciones Internacionales por la Universidad de las Am\u00e9ricas Puebla, y cuenta con un Diplomado en Estudios sobre Centroam\u00e9rica por el Instituto de Investigaciones Dr. Jos\u00e9 Mar\u00eda Luis Mora. Actualmente, es Coordinadora de Proyectos en la firma de abogados Videre, especializada en privacidad en la era digital. Tiene una amplia experiencia profesional en [&hellip;]<\/p>\n","protected":false},"author":1,"featured_media":92,"parent":75,"menu_order":0,"comment_status":"closed","ping_status":"closed","template":"","meta":{"footnotes":""},"class_list":["post-105","page","type-page","status-publish","has-post-thumbnail","hentry"],"yoast_head":"<!-- This site is optimized with the Yoast SEO plugin v26.9 - https:\/\/yoast.com\/product\/yoast-seo-wordpress\/ -->\n<title>Dafny Mancillas Tripp - videre<\/title>\n<meta name=\"description\" content=\"Es Licenciada en Relaciones Internacionales por la Universidad de las Am\u00e9ricas Puebla, y cuenta con un Diplomado en Estudios sobre Centroam\u00e9rica por el Instituto de Investigaciones Dr. Jos\u00e9 Mar\u00eda Luis Mora.\" \/>\n<meta name=\"robots\" content=\"index, follow, max-snippet:-1, max-image-preview:large, max-video-preview:-1\" \/>\n<link rel=\"canonical\" href=\"https:\/\/videre.lat\/en\/quienes-somos\/dafny-mancillas-tripp\/\" \/>\n<meta property=\"og:locale\" content=\"en_US\" \/>\n<meta property=\"og:type\" content=\"article\" \/>\n<meta property=\"og:title\" content=\"Dafny Mancillas Tripp - videre\" \/>\n<meta property=\"og:description\" content=\"Es Licenciada en Relaciones Internacionales por la Universidad de las Am\u00e9ricas Puebla, y cuenta con un Diplomado en Estudios sobre Centroam\u00e9rica por el Instituto de Investigaciones Dr. Jos\u00e9 Mar\u00eda Luis Mora.\" \/>\n<meta property=\"og:url\" content=\"https:\/\/videre.lat\/en\/quienes-somos\/dafny-mancillas-tripp\/\" \/>\n<meta property=\"og:site_name\" content=\"videre\" \/>\n<meta property=\"article:publisher\" content=\"https:\/\/www.facebook.com\/viderelat\" \/>\n<meta property=\"article:modified_time\" content=\"2025-02-07T02:28:45+00:00\" \/>\n<meta property=\"og:image\" content=\"https:\/\/videre.lat\/wp-content\/uploads\/2025\/01\/dafny-mancillas.webp\" \/>\n\t<meta property=\"og:image:width\" content=\"800\" \/>\n\t<meta property=\"og:image:height\" content=\"800\" \/>\n\t<meta property=\"og:image:type\" content=\"image\/webp\" \/>\n<meta name=\"twitter:card\" content=\"summary_large_image\" \/>\n<meta name=\"twitter:site\" content=\"@viderelat\" \/>\n<meta name=\"twitter:label1\" content=\"Est. reading time\" \/>\n\t<meta name=\"twitter:data1\" content=\"2 minutes\" \/>\n<script type=\"application\/ld+json\" class=\"yoast-schema-graph\">{\"@context\":\"https:\/\/schema.org\",\"@graph\":[{\"@type\":\"WebPage\",\"@id\":\"https:\/\/videre.lat\/quienes-somos\/dafny-mancillas-tripp\/\",\"url\":\"https:\/\/videre.lat\/quienes-somos\/dafny-mancillas-tripp\/\",\"name\":\"Dafny Mancillas Tripp - videre\",\"isPartOf\":{\"@id\":\"https:\/\/videre.lat\/#website\"},\"primaryImageOfPage\":{\"@id\":\"https:\/\/videre.lat\/quienes-somos\/dafny-mancillas-tripp\/#primaryimage\"},\"image\":{\"@id\":\"https:\/\/videre.lat\/quienes-somos\/dafny-mancillas-tripp\/#primaryimage\"},\"thumbnailUrl\":\"https:\/\/videre.lat\/wp-content\/uploads\/2025\/01\/dafny-mancillas.webp\",\"datePublished\":\"2025-01-27T21:51:19+00:00\",\"dateModified\":\"2025-02-07T02:28:45+00:00\",\"description\":\"Es Licenciada en Relaciones Internacionales por la Universidad de las Am\u00e9ricas Puebla, y cuenta con un Diplomado en Estudios sobre Centroam\u00e9rica por el Instituto de Investigaciones Dr. Jos\u00e9 Mar\u00eda Luis Mora.\",\"breadcrumb\":{\"@id\":\"https:\/\/videre.lat\/quienes-somos\/dafny-mancillas-tripp\/#breadcrumb\"},\"inLanguage\":\"en-US\",\"potentialAction\":[{\"@type\":\"ReadAction\",\"target\":[\"https:\/\/videre.lat\/quienes-somos\/dafny-mancillas-tripp\/\"]}]},{\"@type\":\"ImageObject\",\"inLanguage\":\"en-US\",\"@id\":\"https:\/\/videre.lat\/quienes-somos\/dafny-mancillas-tripp\/#primaryimage\",\"url\":\"https:\/\/videre.lat\/wp-content\/uploads\/2025\/01\/dafny-mancillas.webp\",\"contentUrl\":\"https:\/\/videre.lat\/wp-content\/uploads\/2025\/01\/dafny-mancillas.webp\",\"width\":800,\"height\":800,\"caption\":\"Dafny Mancillas\"},{\"@type\":\"BreadcrumbList\",\"@id\":\"https:\/\/videre.lat\/quienes-somos\/dafny-mancillas-tripp\/#breadcrumb\",\"itemListElement\":[{\"@type\":\"ListItem\",\"position\":1,\"name\":\"Portada\",\"item\":\"https:\/\/videre.lat\/\"},{\"@type\":\"ListItem\",\"position\":2,\"name\":\"Qui\u00e9nes somos\",\"item\":\"https:\/\/videre.lat\/quienes-somos\/\"},{\"@type\":\"ListItem\",\"position\":3,\"name\":\"Dafny Mancillas Tripp\"}]},{\"@type\":\"WebSite\",\"@id\":\"https:\/\/videre.lat\/#website\",\"url\":\"https:\/\/videre.lat\/\",\"name\":\"videre\",\"description\":\"Somos una firma de abogac\u00eda digital\",\"publisher\":{\"@id\":\"https:\/\/videre.lat\/#organization\"},\"potentialAction\":[{\"@type\":\"SearchAction\",\"target\":{\"@type\":\"EntryPoint\",\"urlTemplate\":\"https:\/\/videre.lat\/?s={search_term_string}\"},\"query-input\":{\"@type\":\"PropertyValueSpecification\",\"valueRequired\":true,\"valueName\":\"search_term_string\"}}],\"inLanguage\":\"en-US\"},{\"@type\":\"Organization\",\"@id\":\"https:\/\/videre.lat\/#organization\",\"name\":\"videre\",\"url\":\"https:\/\/videre.lat\/\",\"logo\":{\"@type\":\"ImageObject\",\"inLanguage\":\"en-US\",\"@id\":\"https:\/\/videre.lat\/#\/schema\/logo\/image\/\",\"url\":\"https:\/\/videre.lat\/wp-content\/uploads\/2025\/01\/videre-logo.png\",\"contentUrl\":\"https:\/\/videre.lat\/wp-content\/uploads\/2025\/01\/videre-logo.png\",\"width\":1600,\"height\":1600,\"caption\":\"videre\"},\"image\":{\"@id\":\"https:\/\/videre.lat\/#\/schema\/logo\/image\/\"},\"sameAs\":[\"https:\/\/www.facebook.com\/viderelat\",\"https:\/\/x.com\/viderelat\",\"https:\/\/www.linkedin.com\/company\/viderelat\"]}]}<\/script>\n<!-- \/ Yoast SEO plugin. -->","yoast_head_json":{"title":"Dafny Mancillas Tripp - videre","description":"Dafny has a Bachelor Degree in International Relations from the Universidad de las Am\u00e9ricas Puebla, and a Diploma in Central American Studies from the Dr. Jos\u00e9 Mar\u00eda Luis Mora Research Institute.","robots":{"index":"index","follow":"follow","max-snippet":"max-snippet:-1","max-image-preview":"max-image-preview:large","max-video-preview":"max-video-preview:-1"},"canonical":"https:\/\/videre.lat\/en\/quienes-somos\/dafny-mancillas-tripp\/","og_locale":"en_US","og_type":"article","og_title":"Dafny Mancillas Tripp - videre","og_description":"Es Licenciada en Relaciones Internacionales por la Universidad de las Am\u00e9ricas Puebla, y cuenta con un Diplomado en Estudios sobre Centroam\u00e9rica por el Instituto de Investigaciones Dr. Jos\u00e9 Mar\u00eda Luis Mora.","og_url":"https:\/\/videre.lat\/en\/quienes-somos\/dafny-mancillas-tripp\/","og_site_name":"videre","article_publisher":"https:\/\/www.facebook.com\/viderelat","article_modified_time":"2025-02-07T02:28:45+00:00","og_image":[{"width":800,"height":800,"url":"https:\/\/videre.lat\/wp-content\/uploads\/2025\/01\/dafny-mancillas.webp","type":"image\/webp"}],"twitter_card":"summary_large_image","twitter_site":"@viderelat","twitter_misc":{"Est. reading time":"2 minutes"},"schema":{"@context":"https:\/\/schema.org","@graph":[{"@type":"WebPage","@id":"https:\/\/videre.lat\/quienes-somos\/dafny-mancillas-tripp\/","url":"https:\/\/videre.lat\/quienes-somos\/dafny-mancillas-tripp\/","name":"Dafny Mancillas Tripp - videre","isPartOf":{"@id":"https:\/\/videre.lat\/#website"},"primaryImageOfPage":{"@id":"https:\/\/videre.lat\/quienes-somos\/dafny-mancillas-tripp\/#primaryimage"},"image":{"@id":"https:\/\/videre.lat\/quienes-somos\/dafny-mancillas-tripp\/#primaryimage"},"thumbnailUrl":"https:\/\/videre.lat\/wp-content\/uploads\/2025\/01\/dafny-mancillas.webp","datePublished":"2025-01-27T21:51:19+00:00","dateModified":"2025-02-07T02:28:45+00:00","description":"Dafny has a Bachelor Degree in International Relations from the Universidad de las Am\u00e9ricas Puebla, and a Diploma in Central American Studies from the Dr. Jos\u00e9 Mar\u00eda Luis Mora Research Institute.","breadcrumb":{"@id":"https:\/\/videre.lat\/quienes-somos\/dafny-mancillas-tripp\/#breadcrumb"},"inLanguage":"en-US","potentialAction":[{"@type":"ReadAction","target":["https:\/\/videre.lat\/quienes-somos\/dafny-mancillas-tripp\/"]}]},{"@type":"ImageObject","inLanguage":"en-US","@id":"https:\/\/videre.lat\/quienes-somos\/dafny-mancillas-tripp\/#primaryimage","url":"https:\/\/videre.lat\/wp-content\/uploads\/2025\/01\/dafny-mancillas.webp","contentUrl":"https:\/\/videre.lat\/wp-content\/uploads\/2025\/01\/dafny-mancillas.webp","width":800,"height":800,"caption":"Dafny Mancillas"},{"@type":"BreadcrumbList","@id":"https:\/\/videre.lat\/quienes-somos\/dafny-mancillas-tripp\/#breadcrumb","itemListElement":[{"@type":"ListItem","position":1,"name":"Portada","item":"https:\/\/videre.lat\/"},{"@type":"ListItem","position":2,"name":"Qui\u00e9nes somos","item":"https:\/\/videre.lat\/quienes-somos\/"},{"@type":"ListItem","position":3,"name":"Dafny Mancillas Tripp"}]},{"@type":"WebSite","@id":"https:\/\/videre.lat\/#website","url":"https:\/\/videre.lat\/","name":"videre","description":"Somos una firma de abogac\u00eda digital","publisher":{"@id":"https:\/\/videre.lat\/#organization"},"potentialAction":[{"@type":"SearchAction","target":{"@type":"EntryPoint","urlTemplate":"https:\/\/videre.lat\/?s={search_term_string}"},"query-input":{"@type":"PropertyValueSpecification","valueRequired":true,"valueName":"search_term_string"}}],"inLanguage":"en-US"},{"@type":"Organization","@id":"https:\/\/videre.lat\/#organization","name":"videre","url":"https:\/\/videre.lat\/","logo":{"@type":"ImageObject","inLanguage":"en-US","@id":"https:\/\/videre.lat\/#\/schema\/logo\/image\/","url":"https:\/\/videre.lat\/wp-content\/uploads\/2025\/01\/videre-logo.png","contentUrl":"https:\/\/videre.lat\/wp-content\/uploads\/2025\/01\/videre-logo.png","width":1600,"height":1600,"caption":"videre"},"image":{"@id":"https:\/\/videre.lat\/#\/schema\/logo\/image\/"},"sameAs":["https:\/\/www.facebook.com\/viderelat","https:\/\/x.com\/viderelat","https:\/\/www.linkedin.com\/company\/viderelat"]}]}},"_links":{"self":[{"href":"https:\/\/videre.lat\/en\/wp-json\/wp\/v2\/pages\/105","targetHints":{"allow":["GET"]}}],"collection":[{"href":"https:\/\/videre.lat\/en\/wp-json\/wp\/v2\/pages"}],"about":[{"href":"https:\/\/videre.lat\/en\/wp-json\/wp\/v2\/types\/page"}],"author":[{"embeddable":true,"href":"https:\/\/videre.lat\/en\/wp-json\/wp\/v2\/users\/1"}],"replies":[{"embeddable":true,"href":"https:\/\/videre.lat\/en\/wp-json\/wp\/v2\/comments?post=105"}],"version-history":[{"count":1,"href":"https:\/\/videre.lat\/en\/wp-json\/wp\/v2\/pages\/105\/revisions"}],"predecessor-version":[{"id":106,"href":"https:\/\/videre.lat\/en\/wp-json\/wp\/v2\/pages\/105\/revisions\/106"}],"up":[{"embeddable":true,"href":"https:\/\/videre.lat\/en\/wp-json\/wp\/v2\/pages\/75"}],"wp:featuredmedia":[{"embeddable":true,"href":"https:\/\/videre.lat\/en\/wp-json\/wp\/v2\/media\/92"}],"wp:attachment":[{"href":"https:\/\/videre.lat\/en\/wp-json\/wp\/v2\/media?parent=105"}],"curies":[{"name":"wp","href":"https:\/\/api.w.org\/{rel}","templated":true}]}}

<p><img loading="lazy" decoding="async" src="https://videre.lat/wp-content/uploads/2025/01/dafny-mancillas.webp" alt="Dafny Mancillas" width="800" height="800" class="aligncenter size-full wp-image-92 redondeada" srcset="https://videre.lat/wp-content/uploads/2025/01/dafny-mancillas.webp 800w, https://videre.lat/wp-content/uploads/2025/01/dafny-mancillas-300x300.webp 300w, https://videre.lat/wp-content/uploads/2025/01/dafny-mancillas-150x150.webp 150w, https://videre.lat/wp-content/uploads/2025/01/dafny-mancillas-768x768.webp 768w" sizes="auto, (max-width: 800px) 100vw, 800px" /></p>
<p>Dafny has a Bachelor Degree in International Relations from the Universidad de las Américas Puebla, and a Diploma in Central American Studies from the Dr. José María Luis Mora Research Institute.</p>
<p>Currently, she is the Project Coordinator of the law firm Videre, specialized in the study of privacy in the digital age. <em>Videre</em>, especializada en privacidad en la era digital.</p>
<p>She has extensive professional experience in the public sector. She worked in the Ministry of Foreign Affairs, in the General Direction for Economic Relations with Latin America and the Caribbean. And in the Ministry of Energy, in the General Direction for International Affairs. Subsequently, at the Federal Institute of Access to Information and Data Protection (IFAI) she held several positions, including Advisor to one of the Institute´s Commissioners and Director of Coordination and Monitoring. Finally, at the National Electoral Institute (INE), she served as Private Secretary to the Head of the Technical Unit for Transparency and Data Protection.</p>
<p>&nbsp;</p>

<p>Es Licenciada en Relaciones Internacionales por la Universidad de las Américas Puebla, y cuenta con un Diplomado en Estudios sobre Centroamérica por el Instituto de Investigaciones Dr. José María Luis Mora. Actualmente, es Coordinadora de Proyectos en la firma de abogados Videre, especializada en privacidad en la era digital. Tiene una amplia experiencia profesional en [&hellip;]</p>

<!-- This site is optimized with the Yoast SEO plugin v26.9 - https://yoast.com/product/yoast-seo-wordpress/ -->
<title>Dafny Mancillas Tripp - videre</title>
<meta name="description" content="Es Licenciada en Relaciones Internacionales por la Universidad de las Américas Puebla, y cuenta con un Diplomado en Estudios sobre Centroamérica por el Instituto de Investigaciones Dr. José María Luis Mora." />
<meta name="robots" content="index, follow, max-snippet:-1, max-image-preview:large, max-video-preview:-1" />
<link rel="canonical" href="https://videre.lat/en/quienes-somos/dafny-mancillas-tripp/" />
<meta property="og:locale" content="en_US" />
<meta property="og:type" content="article" />
<meta property="og:title" content="Dafny Mancillas Tripp - videre" />
<meta property="og:description" content="Es Licenciada en Relaciones Internacionales por la Universidad de las Américas Puebla, y cuenta con un Diplomado en Estudios sobre Centroamérica por el Instituto de Investigaciones Dr. José María Luis Mora." />
<meta property="og:url" content="https://videre.lat/en/quienes-somos/dafny-mancillas-tripp/" />
<meta property="og:site_name" content="videre" />
<meta property="article:publisher" content="https://www.facebook.com/viderelat" />
<meta property="article:modified_time" content="2025-02-07T02:28:45+00:00" />
<meta property="og:image" content="https://videre.lat/wp-content/uploads/2025/01/dafny-mancillas.webp" />
	<meta property="og:image:width" content="800" />
	<meta property="og:image:height" content="800" />
	<meta property="og:image:type" content="image/webp" />
<meta name="twitter:card" content="summary_large_image" />
<meta name="twitter:site" content="@viderelat" />
<meta name="twitter:label1" content="Est. reading time" />
	<meta name="twitter:data1" content="2 minutes" />
<script type="application/ld+json" class="yoast-schema-graph">{"@context":"https://schema.org","@graph":[{"@type":"WebPage","@id":"https://videre.lat/quienes-somos/dafny-mancillas-tripp/","url":"https://videre.lat/quienes-somos/dafny-mancillas-tripp/","name":"Dafny Mancillas Tripp - videre","isPartOf":{"@id":"https://videre.lat/#website"},"primaryImageOfPage":{"@id":"https://videre.lat/quienes-somos/dafny-mancillas-tripp/#primaryimage"},"image":{"@id":"https://videre.lat/quienes-somos/dafny-mancillas-tripp/#primaryimage"},"thumbnailUrl":"https://videre.lat/wp-content/uploads/2025/01/dafny-mancillas.webp","datePublished":"2025-01-27T21:51:19+00:00","dateModified":"2025-02-07T02:28:45+00:00","description":"Es Licenciada en Relaciones Internacionales por la Universidad de las Américas Puebla, y cuenta con un Diplomado en Estudios sobre Centroamérica por el Instituto de Investigaciones Dr. José María Luis Mora.","breadcrumb":{"@id":"https://videre.lat/quienes-somos/dafny-mancillas-tripp/#breadcrumb"},"inLanguage":"en-US","potentialAction":[{"@type":"ReadAction","target":["https://videre.lat/quienes-somos/dafny-mancillas-tripp/"]}]},{"@type":"ImageObject","inLanguage":"en-US","@id":"https://videre.lat/quienes-somos/dafny-mancillas-tripp/#primaryimage","url":"https://videre.lat/wp-content/uploads/2025/01/dafny-mancillas.webp","contentUrl":"https://videre.lat/wp-content/uploads/2025/01/dafny-mancillas.webp","width":800,"height":800,"caption":"Dafny Mancillas"},{"@type":"BreadcrumbList","@id":"https://videre.lat/quienes-somos/dafny-mancillas-tripp/#breadcrumb","itemListElement":[{"@type":"ListItem","position":1,"name":"Portada","item":"https://videre.lat/"},{"@type":"ListItem","position":2,"name":"Quiénes somos","item":"https://videre.lat/quienes-somos/"},{"@type":"ListItem","position":3,"name":"Dafny Mancillas Tripp"}]},{"@type":"WebSite","@id":"https://videre.lat/#website","url":"https://videre.lat/","name":"videre","description":"Somos una firma de abogacía digital","publisher":{"@id":"https://videre.lat/#organization"},"potentialAction":[{"@type":"SearchAction","target":{"@type":"EntryPoint","urlTemplate":"https://videre.lat/?s={search_term_string}"},"query-input":{"@type":"PropertyValueSpecification","valueRequired":true,"valueName":"search_term_string"}}],"inLanguage":"en-US"},{"@type":"Organization","@id":"https://videre.lat/#organization","name":"videre","url":"https://videre.lat/","logo":{"@type":"ImageObject","inLanguage":"en-US","@id":"https://videre.lat/#/schema/logo/image/","url":"https://videre.lat/wp-content/uploads/2025/01/videre-logo.png","contentUrl":"https://videre.lat/wp-content/uploads/2025/01/videre-logo.png","width":1600,"height":1600,"caption":"videre"},"image":{"@id":"https://videre.lat/#/schema/logo/image/"},"sameAs":["https://www.facebook.com/viderelat","https://x.com/viderelat","https://www.linkedin.com/company/viderelat"]}]}</script>
<!-- / Yoast SEO plugin. -->

Dafny has a Bachelor Degree in International Relations from the Universidad de las Américas Puebla, and a Diploma in Central American Studies from the Dr. José María Luis Mora Research Institute.

Es Licenciada en Relaciones Internacionales por la Universidad de las Américas Puebla, y cuenta con un Diplomado en Estudios sobre Centroamérica por el Instituto de Investigaciones Dr. José María Luis Mora.

Quiénes somos

Somos una firma de abogacía digital
