{"id":103,"date":"2025-01-27T15:49:48","date_gmt":"2025-01-27T21:49:48","guid":{"rendered":"https:\/\/videre.lat\/?page_id=103"},"modified":"2025-02-06T20:27:57","modified_gmt":"2025-02-07T02:27:57","slug":"edgardo-martinez-rojas","status":"publish","type":"page","link":"https:\/\/videre.lat\/en\/quienes-somos\/edgardo-martinez-rojas\/","title":{"rendered":"Edgardo Mart\u00ednez Rojas"},"content":{"rendered":"<p><img loading=\"lazy\" decoding=\"async\" src=\"https:\/\/videre.lat\/wp-content\/uploads\/2025\/01\/edgardo-martinez.webp\" alt=\"Edgardo Mart\u00ednez\" width=\"800\" height=\"800\" class=\"aligncenter size-full wp-image-93 redondeada\" srcset=\"https:\/\/videre.lat\/wp-content\/uploads\/2025\/01\/edgardo-martinez.webp 800w, https:\/\/videre.lat\/wp-content\/uploads\/2025\/01\/edgardo-martinez-300x300.webp 300w, https:\/\/videre.lat\/wp-content\/uploads\/2025\/01\/edgardo-martinez-150x150.webp 150w, https:\/\/videre.lat\/wp-content\/uploads\/2025\/01\/edgardo-martinez-768x768.webp 768w\" sizes=\"auto, (max-width: 800px) 100vw, 800px\" \/><\/p>\n<p>Lawyer graduated from the faculty of law of Escuela Libre de Derecho, holding a master\u2019s degree in Data Protection and Access to Information from the San Pablo-CEU University, Madrid, Spain.<\/p>\n<p>Currently a partner at Videre, a legal advisory firm aimed at multi-sectoral services regarding privacy and data protection in the digital era.\n\nFor more than 20 years, he has focused on the protection of personal data, dedicating 15 years of them to public service and 5 as an independent international consultant.<\/p>\n<p>Edgardo has worked with the Mexican Data Protection Authority (DPA) where he stands out for his participation in the following works:<\/p>\n<p>\u25cf\tPreparation of the draft reforms to the Mexican Constitution to include data protection as a fundamental right.<br \/>\n  \u25cf\tConsulting for the adhesion and subscription to the European Convention for the protection of individuals with regard to the processing of personal data and its additional protocol. (Convention  108 of the Council of Europe).<br \/>\n  \u25cf\tNegotiation on behalf of the Mexican DPA of the free trade agreement between Mexico, the United States, and Canada (T-MEC\/USMCA), specifically in the chapter on electronic commerce (personal data).<br \/>\n  \u25cf\tSupport for the draft reforms of the Federal Law on the Protection of Personal Data Held by Private Parties and its Regulations. <br \/>\n  \u25cf\tPreparation of the draft reforms of the Data Protection General Law applicable to the public sector and the issuing of the secondary regulation derived from it.<\/p>\n<p>From his time as an independent international consultant with the Inter-American Development Bank, the following projects stand out:<\/p>\n<p>\u25cf\tConsulting for regulatory strengthening to facilitate the cross-border flow of personal data between members of the Pacific Alliance.<br \/>\n  \u25cf\tPreparation of a comparative study on personal data laws in Latin America and the Caribbean.<br \/>\n  \u25cf\tParticipation in the creation of the draft Regulation of the Organic Law on Personal Data Protection of Ecuador.<br \/>\n  \u25cf\tAdvice on the design of draft personal data laws in Bolivia and Honduras.<\/p\n\n\n<p>He currently teaches Iberoamerican Data Protection Standards in the Master's Degree in General Data Protection Regulation of the National University of Distance Education and the Spanish Data Protection Agency from the Escuela Libre de Derecho.<\/p>\n<p>&nbsp;<\/p>","protected":false},"excerpt":{"rendered":"<p>Es abogado por la Escuela Libre de Derecho en la Ciudad de M\u00e9xico, M\u00e9xico y posee un M\u00e1ster Universitario en Protecci\u00f3n de Datos y Acceso a la Informaci\u00f3n por la Universidad San Pablo-CEU, Madrid, Espa\u00f1a. Durante m\u00e1s de 20 a\u00f1os, ha enfocado su desarrollo profesional a la protecci\u00f3n de datos personales, de los cuales dedic\u00f3 [&hellip;]<\/p>\n","protected":false},"author":1,"featured_media":93,"parent":75,"menu_order":0,"comment_status":"closed","ping_status":"closed","template":"","meta":{"footnotes":""},"class_list":["post-103","page","type-page","status-publish","has-post-thumbnail","hentry"],"yoast_head":"<!-- This site is optimized with the Yoast SEO plugin v26.9 - https:\/\/yoast.com\/product\/yoast-seo-wordpress\/ -->\n<title>Edgardo Mart\u00ednez Rojas - videre<\/title>\n<meta name=\"description\" content=\"Es abogado por la Escuela Libre de Derecho en la Ciudad de M\u00e9xico, M\u00e9xico y posee un M\u00e1ster Universitario en Protecci\u00f3n de Datos y Acceso a la Informaci\u00f3n por la Universidad San Pablo-CEU, Madrid, Espa\u00f1a.\" \/>\n<meta name=\"robots\" content=\"index, follow, max-snippet:-1, max-image-preview:large, max-video-preview:-1\" \/>\n<link rel=\"canonical\" href=\"https:\/\/videre.lat\/en\/quienes-somos\/edgardo-martinez-rojas\/\" \/>\n<meta property=\"og:locale\" content=\"en_US\" \/>\n<meta property=\"og:type\" content=\"article\" \/>\n<meta property=\"og:title\" content=\"Edgardo Mart\u00ednez Rojas - videre\" \/>\n<meta property=\"og:description\" content=\"Es abogado por la Escuela Libre de Derecho en la Ciudad de M\u00e9xico, M\u00e9xico y posee un M\u00e1ster Universitario en Protecci\u00f3n de Datos y Acceso a la Informaci\u00f3n por la Universidad San Pablo-CEU, Madrid, Espa\u00f1a.\" \/>\n<meta property=\"og:url\" content=\"https:\/\/videre.lat\/en\/quienes-somos\/edgardo-martinez-rojas\/\" \/>\n<meta property=\"og:site_name\" content=\"videre\" \/>\n<meta property=\"article:publisher\" content=\"https:\/\/www.facebook.com\/viderelat\" \/>\n<meta property=\"article:modified_time\" content=\"2025-02-07T02:27:57+00:00\" \/>\n<meta property=\"og:image\" content=\"https:\/\/videre.lat\/wp-content\/uploads\/2025\/01\/edgardo-martinez.webp\" \/>\n\t<meta property=\"og:image:width\" content=\"800\" \/>\n\t<meta property=\"og:image:height\" content=\"800\" \/>\n\t<meta property=\"og:image:type\" content=\"image\/webp\" \/>\n<meta name=\"twitter:card\" content=\"summary_large_image\" \/>\n<meta name=\"twitter:site\" content=\"@viderelat\" \/>\n<meta name=\"twitter:label1\" content=\"Est. reading time\" \/>\n\t<meta name=\"twitter:data1\" content=\"3 minutes\" \/>\n<script type=\"application\/ld+json\" class=\"yoast-schema-graph\">{\"@context\":\"https:\/\/schema.org\",\"@graph\":[{\"@type\":\"WebPage\",\"@id\":\"https:\/\/videre.lat\/quienes-somos\/edgardo-martinez-rojas\/\",\"url\":\"https:\/\/videre.lat\/quienes-somos\/edgardo-martinez-rojas\/\",\"name\":\"Edgardo Mart\u00ednez Rojas - videre\",\"isPartOf\":{\"@id\":\"https:\/\/videre.lat\/#website\"},\"primaryImageOfPage\":{\"@id\":\"https:\/\/videre.lat\/quienes-somos\/edgardo-martinez-rojas\/#primaryimage\"},\"image\":{\"@id\":\"https:\/\/videre.lat\/quienes-somos\/edgardo-martinez-rojas\/#primaryimage\"},\"thumbnailUrl\":\"https:\/\/videre.lat\/wp-content\/uploads\/2025\/01\/edgardo-martinez.webp\",\"datePublished\":\"2025-01-27T21:49:48+00:00\",\"dateModified\":\"2025-02-07T02:27:57+00:00\",\"description\":\"Es abogado por la Escuela Libre de Derecho en la Ciudad de M\u00e9xico, M\u00e9xico y posee un M\u00e1ster Universitario en Protecci\u00f3n de Datos y Acceso a la Informaci\u00f3n por la Universidad San Pablo-CEU, Madrid, Espa\u00f1a.\",\"breadcrumb\":{\"@id\":\"https:\/\/videre.lat\/quienes-somos\/edgardo-martinez-rojas\/#breadcrumb\"},\"inLanguage\":\"en-US\",\"potentialAction\":[{\"@type\":\"ReadAction\",\"target\":[\"https:\/\/videre.lat\/quienes-somos\/edgardo-martinez-rojas\/\"]}]},{\"@type\":\"ImageObject\",\"inLanguage\":\"en-US\",\"@id\":\"https:\/\/videre.lat\/quienes-somos\/edgardo-martinez-rojas\/#primaryimage\",\"url\":\"https:\/\/videre.lat\/wp-content\/uploads\/2025\/01\/edgardo-martinez.webp\",\"contentUrl\":\"https:\/\/videre.lat\/wp-content\/uploads\/2025\/01\/edgardo-martinez.webp\",\"width\":800,\"height\":800,\"caption\":\"Edgardo Mart\u00ednez\"},{\"@type\":\"BreadcrumbList\",\"@id\":\"https:\/\/videre.lat\/quienes-somos\/edgardo-martinez-rojas\/#breadcrumb\",\"itemListElement\":[{\"@type\":\"ListItem\",\"position\":1,\"name\":\"Portada\",\"item\":\"https:\/\/videre.lat\/\"},{\"@type\":\"ListItem\",\"position\":2,\"name\":\"Qui\u00e9nes somos\",\"item\":\"https:\/\/videre.lat\/quienes-somos\/\"},{\"@type\":\"ListItem\",\"position\":3,\"name\":\"Edgardo Mart\u00ednez Rojas\"}]},{\"@type\":\"WebSite\",\"@id\":\"https:\/\/videre.lat\/#website\",\"url\":\"https:\/\/videre.lat\/\",\"name\":\"videre\",\"description\":\"Somos una firma de abogac\u00eda digital\",\"publisher\":{\"@id\":\"https:\/\/videre.lat\/#organization\"},\"potentialAction\":[{\"@type\":\"SearchAction\",\"target\":{\"@type\":\"EntryPoint\",\"urlTemplate\":\"https:\/\/videre.lat\/?s={search_term_string}\"},\"query-input\":{\"@type\":\"PropertyValueSpecification\",\"valueRequired\":true,\"valueName\":\"search_term_string\"}}],\"inLanguage\":\"en-US\"},{\"@type\":\"Organization\",\"@id\":\"https:\/\/videre.lat\/#organization\",\"name\":\"videre\",\"url\":\"https:\/\/videre.lat\/\",\"logo\":{\"@type\":\"ImageObject\",\"inLanguage\":\"en-US\",\"@id\":\"https:\/\/videre.lat\/#\/schema\/logo\/image\/\",\"url\":\"https:\/\/videre.lat\/wp-content\/uploads\/2025\/01\/videre-logo.png\",\"contentUrl\":\"https:\/\/videre.lat\/wp-content\/uploads\/2025\/01\/videre-logo.png\",\"width\":1600,\"height\":1600,\"caption\":\"videre\"},\"image\":{\"@id\":\"https:\/\/videre.lat\/#\/schema\/logo\/image\/\"},\"sameAs\":[\"https:\/\/www.facebook.com\/viderelat\",\"https:\/\/x.com\/viderelat\",\"https:\/\/www.linkedin.com\/company\/viderelat\"]}]}<\/script>\n<!-- \/ Yoast SEO plugin. -->","yoast_head_json":{"title":"Edgardo Mart\u00ednez Rojas - videre","description":"Lawyer graduated from the faculty of law of Escuela Libre de Derecho, holding a master\u2019s degree in Data Protection and Access to Information from the San Pablo-CEU University, Madrid, Spain.","robots":{"index":"index","follow":"follow","max-snippet":"max-snippet:-1","max-image-preview":"max-image-preview:large","max-video-preview":"max-video-preview:-1"},"canonical":"https:\/\/videre.lat\/en\/quienes-somos\/edgardo-martinez-rojas\/","og_locale":"en_US","og_type":"article","og_title":"Edgardo Mart\u00ednez Rojas - videre","og_description":"Es abogado por la Escuela Libre de Derecho en la Ciudad de M\u00e9xico, M\u00e9xico y posee un M\u00e1ster Universitario en Protecci\u00f3n de Datos y Acceso a la Informaci\u00f3n por la Universidad San Pablo-CEU, Madrid, Espa\u00f1a.","og_url":"https:\/\/videre.lat\/en\/quienes-somos\/edgardo-martinez-rojas\/","og_site_name":"videre","article_publisher":"https:\/\/www.facebook.com\/viderelat","article_modified_time":"2025-02-07T02:27:57+00:00","og_image":[{"width":800,"height":800,"url":"https:\/\/videre.lat\/wp-content\/uploads\/2025\/01\/edgardo-martinez.webp","type":"image\/webp"}],"twitter_card":"summary_large_image","twitter_site":"@viderelat","twitter_misc":{"Est. reading time":"3 minutes"},"schema":{"@context":"https:\/\/schema.org","@graph":[{"@type":"WebPage","@id":"https:\/\/videre.lat\/quienes-somos\/edgardo-martinez-rojas\/","url":"https:\/\/videre.lat\/quienes-somos\/edgardo-martinez-rojas\/","name":"Edgardo Mart\u00ednez Rojas - videre","isPartOf":{"@id":"https:\/\/videre.lat\/#website"},"primaryImageOfPage":{"@id":"https:\/\/videre.lat\/quienes-somos\/edgardo-martinez-rojas\/#primaryimage"},"image":{"@id":"https:\/\/videre.lat\/quienes-somos\/edgardo-martinez-rojas\/#primaryimage"},"thumbnailUrl":"https:\/\/videre.lat\/wp-content\/uploads\/2025\/01\/edgardo-martinez.webp","datePublished":"2025-01-27T21:49:48+00:00","dateModified":"2025-02-07T02:27:57+00:00","description":"Lawyer graduated from the faculty of law of Escuela Libre de Derecho, holding a master\u2019s degree in Data Protection and Access to Information from the San Pablo-CEU University, Madrid, Spain.","breadcrumb":{"@id":"https:\/\/videre.lat\/quienes-somos\/edgardo-martinez-rojas\/#breadcrumb"},"inLanguage":"en-US","potentialAction":[{"@type":"ReadAction","target":["https:\/\/videre.lat\/quienes-somos\/edgardo-martinez-rojas\/"]}]},{"@type":"ImageObject","inLanguage":"en-US","@id":"https:\/\/videre.lat\/quienes-somos\/edgardo-martinez-rojas\/#primaryimage","url":"https:\/\/videre.lat\/wp-content\/uploads\/2025\/01\/edgardo-martinez.webp","contentUrl":"https:\/\/videre.lat\/wp-content\/uploads\/2025\/01\/edgardo-martinez.webp","width":800,"height":800,"caption":"Edgardo Mart\u00ednez"},{"@type":"BreadcrumbList","@id":"https:\/\/videre.lat\/quienes-somos\/edgardo-martinez-rojas\/#breadcrumb","itemListElement":[{"@type":"ListItem","position":1,"name":"Portada","item":"https:\/\/videre.lat\/"},{"@type":"ListItem","position":2,"name":"Qui\u00e9nes somos","item":"https:\/\/videre.lat\/quienes-somos\/"},{"@type":"ListItem","position":3,"name":"Edgardo Mart\u00ednez Rojas"}]},{"@type":"WebSite","@id":"https:\/\/videre.lat\/#website","url":"https:\/\/videre.lat\/","name":"videre","description":"Somos una firma de abogac\u00eda digital","publisher":{"@id":"https:\/\/videre.lat\/#organization"},"potentialAction":[{"@type":"SearchAction","target":{"@type":"EntryPoint","urlTemplate":"https:\/\/videre.lat\/?s={search_term_string}"},"query-input":{"@type":"PropertyValueSpecification","valueRequired":true,"valueName":"search_term_string"}}],"inLanguage":"en-US"},{"@type":"Organization","@id":"https:\/\/videre.lat\/#organization","name":"videre","url":"https:\/\/videre.lat\/","logo":{"@type":"ImageObject","inLanguage":"en-US","@id":"https:\/\/videre.lat\/#\/schema\/logo\/image\/","url":"https:\/\/videre.lat\/wp-content\/uploads\/2025\/01\/videre-logo.png","contentUrl":"https:\/\/videre.lat\/wp-content\/uploads\/2025\/01\/videre-logo.png","width":1600,"height":1600,"caption":"videre"},"image":{"@id":"https:\/\/videre.lat\/#\/schema\/logo\/image\/"},"sameAs":["https:\/\/www.facebook.com\/viderelat","https:\/\/x.com\/viderelat","https:\/\/www.linkedin.com\/company\/viderelat"]}]}},"_links":{"self":[{"href":"https:\/\/videre.lat\/en\/wp-json\/wp\/v2\/pages\/103","targetHints":{"allow":["GET"]}}],"collection":[{"href":"https:\/\/videre.lat\/en\/wp-json\/wp\/v2\/pages"}],"about":[{"href":"https:\/\/videre.lat\/en\/wp-json\/wp\/v2\/types\/page"}],"author":[{"embeddable":true,"href":"https:\/\/videre.lat\/en\/wp-json\/wp\/v2\/users\/1"}],"replies":[{"embeddable":true,"href":"https:\/\/videre.lat\/en\/wp-json\/wp\/v2\/comments?post=103"}],"version-history":[{"count":3,"href":"https:\/\/videre.lat\/en\/wp-json\/wp\/v2\/pages\/103\/revisions"}],"predecessor-version":[{"id":142,"href":"https:\/\/videre.lat\/en\/wp-json\/wp\/v2\/pages\/103\/revisions\/142"}],"up":[{"embeddable":true,"href":"https:\/\/videre.lat\/en\/wp-json\/wp\/v2\/pages\/75"}],"wp:featuredmedia":[{"embeddable":true,"href":"https:\/\/videre.lat\/en\/wp-json\/wp\/v2\/media\/93"}],"wp:attachment":[{"href":"https:\/\/videre.lat\/en\/wp-json\/wp\/v2\/media?parent=103"}],"curies":[{"name":"wp","href":"https:\/\/api.w.org\/{rel}","templated":true}]}}

Edgardo Martínez Rojas

<p><img loading="lazy" decoding="async" src="https://videre.lat/wp-content/uploads/2025/01/edgardo-martinez.webp" alt="Edgardo Martínez" width="800" height="800" class="aligncenter size-full wp-image-93 redondeada" srcset="https://videre.lat/wp-content/uploads/2025/01/edgardo-martinez.webp 800w, https://videre.lat/wp-content/uploads/2025/01/edgardo-martinez-300x300.webp 300w, https://videre.lat/wp-content/uploads/2025/01/edgardo-martinez-150x150.webp 150w, https://videre.lat/wp-content/uploads/2025/01/edgardo-martinez-768x768.webp 768w" sizes="auto, (max-width: 800px) 100vw, 800px" /></p>
<p>Lawyer graduated from the faculty of law of Escuela Libre de Derecho, holding a master’s degree in Data Protection and Access to Information from the San Pablo-CEU University, Madrid, Spain.</p>
<p>Currently a partner at Videre, a legal advisory firm aimed at multi-sectoral services regarding privacy and data protection in the digital era.

For more than 20 years, he has focused on the protection of personal data, dedicating 15 years of them to public service and 5 as an independent international consultant.</p>
<p>Edgardo has worked with the Mexican Data Protection Authority (DPA) where he stands out for his participation in the following works:</p>
<p>●	Preparation of the draft reforms to the Mexican Constitution to include data protection as a fundamental right.<br />
  ●	Consulting for the adhesion and subscription to the European Convention for the protection of individuals with regard to the processing of personal data and its additional protocol. (Convention  108 of the Council of Europe).<br />
  ●	Negotiation on behalf of the Mexican DPA of the free trade agreement between Mexico, the United States, and Canada (T-MEC/USMCA), specifically in the chapter on electronic commerce (personal data).<br />
  ●	Support for the draft reforms of the Federal Law on the Protection of Personal Data Held by Private Parties and its Regulations. <br />
  ●	Preparation of the draft reforms of the Data Protection General Law applicable to the public sector and the issuing of the secondary regulation derived from it.</p>
<p>From his time as an independent international consultant with the Inter-American Development Bank, the following projects stand out:</p>
<p>●	Consulting for regulatory strengthening to facilitate the cross-border flow of personal data between members of the Pacific Alliance.<br />
  ●	Preparation of a comparative study on personal data laws in Latin America and the Caribbean.<br />
  ●	Participation in the creation of the draft Regulation of the Organic Law on Personal Data Protection of Ecuador.<br />
  ●	Advice on the design of draft personal data laws in Bolivia and Honduras.</p


<p>He currently teaches Iberoamerican Data Protection Standards in the Master's Degree in General Data Protection Regulation of the National University of Distance Education and the Spanish Data Protection Agency from the Escuela Libre de Derecho.</p>
<p>&nbsp;</p>

<p>Es abogado por la Escuela Libre de Derecho en la Ciudad de México, México y posee un Máster Universitario en Protección de Datos y Acceso a la Información por la Universidad San Pablo-CEU, Madrid, España. Durante más de 20 años, ha enfocado su desarrollo profesional a la protección de datos personales, de los cuales dedicó [&hellip;]</p>

<!-- This site is optimized with the Yoast SEO plugin v26.9 - https://yoast.com/product/yoast-seo-wordpress/ -->
<title>Edgardo Martínez Rojas - videre</title>
<meta name="description" content="Es abogado por la Escuela Libre de Derecho en la Ciudad de México, México y posee un Máster Universitario en Protección de Datos y Acceso a la Información por la Universidad San Pablo-CEU, Madrid, España." />
<meta name="robots" content="index, follow, max-snippet:-1, max-image-preview:large, max-video-preview:-1" />
<link rel="canonical" href="https://videre.lat/en/quienes-somos/edgardo-martinez-rojas/" />
<meta property="og:locale" content="en_US" />
<meta property="og:type" content="article" />
<meta property="og:title" content="Edgardo Martínez Rojas - videre" />
<meta property="og:description" content="Es abogado por la Escuela Libre de Derecho en la Ciudad de México, México y posee un Máster Universitario en Protección de Datos y Acceso a la Información por la Universidad San Pablo-CEU, Madrid, España." />
<meta property="og:url" content="https://videre.lat/en/quienes-somos/edgardo-martinez-rojas/" />
<meta property="og:site_name" content="videre" />
<meta property="article:publisher" content="https://www.facebook.com/viderelat" />
<meta property="article:modified_time" content="2025-02-07T02:27:57+00:00" />
<meta property="og:image" content="https://videre.lat/wp-content/uploads/2025/01/edgardo-martinez.webp" />
	<meta property="og:image:width" content="800" />
	<meta property="og:image:height" content="800" />
	<meta property="og:image:type" content="image/webp" />
<meta name="twitter:card" content="summary_large_image" />
<meta name="twitter:site" content="@viderelat" />
<meta name="twitter:label1" content="Est. reading time" />
	<meta name="twitter:data1" content="3 minutes" />
<script type="application/ld+json" class="yoast-schema-graph">{"@context":"https://schema.org","@graph":[{"@type":"WebPage","@id":"https://videre.lat/quienes-somos/edgardo-martinez-rojas/","url":"https://videre.lat/quienes-somos/edgardo-martinez-rojas/","name":"Edgardo Martínez Rojas - videre","isPartOf":{"@id":"https://videre.lat/#website"},"primaryImageOfPage":{"@id":"https://videre.lat/quienes-somos/edgardo-martinez-rojas/#primaryimage"},"image":{"@id":"https://videre.lat/quienes-somos/edgardo-martinez-rojas/#primaryimage"},"thumbnailUrl":"https://videre.lat/wp-content/uploads/2025/01/edgardo-martinez.webp","datePublished":"2025-01-27T21:49:48+00:00","dateModified":"2025-02-07T02:27:57+00:00","description":"Es abogado por la Escuela Libre de Derecho en la Ciudad de México, México y posee un Máster Universitario en Protección de Datos y Acceso a la Información por la Universidad San Pablo-CEU, Madrid, España.","breadcrumb":{"@id":"https://videre.lat/quienes-somos/edgardo-martinez-rojas/#breadcrumb"},"inLanguage":"en-US","potentialAction":[{"@type":"ReadAction","target":["https://videre.lat/quienes-somos/edgardo-martinez-rojas/"]}]},{"@type":"ImageObject","inLanguage":"en-US","@id":"https://videre.lat/quienes-somos/edgardo-martinez-rojas/#primaryimage","url":"https://videre.lat/wp-content/uploads/2025/01/edgardo-martinez.webp","contentUrl":"https://videre.lat/wp-content/uploads/2025/01/edgardo-martinez.webp","width":800,"height":800,"caption":"Edgardo Martínez"},{"@type":"BreadcrumbList","@id":"https://videre.lat/quienes-somos/edgardo-martinez-rojas/#breadcrumb","itemListElement":[{"@type":"ListItem","position":1,"name":"Portada","item":"https://videre.lat/"},{"@type":"ListItem","position":2,"name":"Quiénes somos","item":"https://videre.lat/quienes-somos/"},{"@type":"ListItem","position":3,"name":"Edgardo Martínez Rojas"}]},{"@type":"WebSite","@id":"https://videre.lat/#website","url":"https://videre.lat/","name":"videre","description":"Somos una firma de abogacía digital","publisher":{"@id":"https://videre.lat/#organization"},"potentialAction":[{"@type":"SearchAction","target":{"@type":"EntryPoint","urlTemplate":"https://videre.lat/?s={search_term_string}"},"query-input":{"@type":"PropertyValueSpecification","valueRequired":true,"valueName":"search_term_string"}}],"inLanguage":"en-US"},{"@type":"Organization","@id":"https://videre.lat/#organization","name":"videre","url":"https://videre.lat/","logo":{"@type":"ImageObject","inLanguage":"en-US","@id":"https://videre.lat/#/schema/logo/image/","url":"https://videre.lat/wp-content/uploads/2025/01/videre-logo.png","contentUrl":"https://videre.lat/wp-content/uploads/2025/01/videre-logo.png","width":1600,"height":1600,"caption":"videre"},"image":{"@id":"https://videre.lat/#/schema/logo/image/"},"sameAs":["https://www.facebook.com/viderelat","https://x.com/viderelat","https://www.linkedin.com/company/viderelat"]}]}</script>
<!-- / Yoast SEO plugin. -->

Edgardo Martínez Rojas - videre

Es abogado por la Escuela Libre de Derecho en la Ciudad de México, México y posee un Máster Universitario en Protección de Datos y Acceso a la Información por la Universidad San Pablo-CEU, Madrid, España.

Edgardo Martínez

Quiénes somos

Somos una firma de abogacía digital
